CRAN Package Check Results for Package tidycharts

Last updated on 2022-01-19 23:49:14 CET.

Flavor Version Tinstall Tcheck Ttotal Status Flags
r-devel-linux-x86_64-debian-clang 0.1.2 OK
r-devel-linux-x86_64-debian-gcc 0.1.2 5.16 53.55 58.71 OK
r-devel-linux-x86_64-fedora-clang 0.1.3 104.88 OK
r-devel-linux-x86_64-fedora-gcc 0.1.3 89.50 OK
r-devel-windows-x86_64-new-UL 0.1.3 79.00 102.00 181.00 OK
r-devel-windows-x86_64-new-TK 0.1.2 NOTE
r-patched-linux-x86_64 0.1.2 6.63 70.23 76.86 OK
r-release-linux-x86_64 0.1.2 OK
r-release-macos-arm64 0.1.2 NOTE
r-release-macos-x86_64 0.1.2 NOTE
r-release-windows-ix86+x86_64 0.1.2 12.00 85.00 97.00 OK
r-oldrel-macos-x86_64 0.1.2 NOTE
r-oldrel-windows-ix86+x86_64 0.1.2 11.00 85.00 96.00 OK

Check Details

Version: 0.1.2
Check: dependencies in R code
Result: NOTE
    Namespaces in Imports field not imported from:
     'dplyr' 'rsvg'
     All declared Imports should be used.
Flavors: r-devel-windows-x86_64-new-TK, r-release-macos-arm64, r-release-macos-x86_64, r-oldrel-macos-x86_64