CRAN Package Check Results for Package tidycensus

Last updated on 2021-06-22 23:50:51 CEST.

Flavor Version Tinstall Tcheck Ttotal Status Flags
r-devel-linux-x86_64-debian-clang 1.0 14.12 91.22 105.34 OK
r-devel-linux-x86_64-debian-gcc 1.0 11.32 68.28 79.60 OK
r-devel-linux-x86_64-fedora-clang 1.0 134.79 NOTE
r-devel-linux-x86_64-fedora-gcc 1.0 120.46 NOTE
r-devel-windows-x86_64 1.0 24.00 138.00 162.00 OK
r-devel-windows-x86_64-gcc10-UCRT 1.0 ERROR
r-patched-linux-x86_64 1.0 13.02 86.78 99.80 OK
r-patched-solaris-x86 1.0 183.50 NOTE
r-release-linux-x86_64 1.0 9.87 84.61 94.48 OK
r-release-macos-arm64 1.0 NOTE
r-release-macos-x86_64 1.0 NOTE
r-release-windows-ix86+x86_64 1.0 25.00 122.00 147.00 OK
r-oldrel-macos-x86_64 1.0 NOTE

Check Details

Version: 1.0
Check: data for non-ASCII characters
Result: NOTE
     Note: found 2 marked UTF-8 strings
Flavors: r-devel-linux-x86_64-fedora-clang, r-devel-linux-x86_64-fedora-gcc, r-patched-solaris-x86, r-release-macos-arm64, r-release-macos-x86_64, r-oldrel-macos-x86_64

Version: 1.0
Check: package dependencies
Result: ERROR
    Packages required but not available: 'httr', 'tigris', 'rvest'
    
    See section 'The DESCRIPTION file' in the 'Writing R Extensions'
    manual.
Flavor: r-devel-windows-x86_64-gcc10-UCRT