CRAN Package Check Results for Package tidyEmoji

Last updated on 2023-06-07 01:03:40 CEST.

Flavor Version Tinstall Tcheck Ttotal Status Flags
r-devel-linux-x86_64-debian-clang 0.1.0 5.75 116.25 122.00 OK
r-devel-linux-x86_64-debian-gcc 0.1.0 4.26 91.06 95.32 OK
r-devel-linux-x86_64-fedora-clang 0.1.0 155.14 NOTE
r-devel-linux-x86_64-fedora-gcc 0.1.0 153.74 NOTE
r-devel-windows-x86_64 0.1.0 6.00 101.00 107.00 OK
r-patched-linux-x86_64 0.1.0 5.24 111.03 116.27 OK
r-release-linux-x86_64 0.1.0 3.50 110.35 113.85 OK
r-release-macos-arm64 0.1.0 58.00 OK
r-release-macos-x86_64 0.1.0 94.00 OK
r-release-windows-x86_64 0.1.0 8.00 124.00 132.00 OK
r-oldrel-macos-arm64 0.1.0 49.00 NOTE
r-oldrel-macos-x86_64 0.1.0 82.00 NOTE
r-oldrel-windows-x86_64 0.1.0 8.00 127.00 135.00 OK

Check Details

Version: 0.1.0
Check: data for non-ASCII characters
Result: NOTE
     Note: found 4546 marked UTF-8 strings
Flavors: r-devel-linux-x86_64-fedora-clang, r-devel-linux-x86_64-fedora-gcc, r-oldrel-macos-arm64, r-oldrel-macos-x86_64