Last updated on 2022-06-23 23:52:50 CEST.
Flavor | Version | Tinstall | Tcheck | Ttotal | Status | Flags |
---|---|---|---|---|---|---|
r-devel-linux-x86_64-debian-clang | 1.0.1 | 15.79 | 55.82 | 71.61 | OK | |
r-devel-linux-x86_64-debian-gcc | 1.0.1 | 10.61 | 42.39 | 53.00 | OK | |
r-devel-linux-x86_64-fedora-clang | 1.0.1 | 96.19 | NOTE | |||
r-devel-linux-x86_64-fedora-gcc | 1.0.1 | 94.32 | NOTE | |||
r-devel-windows-x86_64 | 1.0.1 | 49.00 | 77.00 | 126.00 | OK | |
r-patched-linux-x86_64 | 1.0.1 | 14.11 | 52.16 | 66.27 | OK | |
r-release-linux-x86_64 | 1.0.1 | 10.57 | 52.58 | 63.15 | OK | |
r-release-macos-arm64 | 1.0.1 | 32.00 | NOTE | |||
r-release-macos-x86_64 | 1.0.1 | 49.00 | NOTE | |||
r-release-windows-x86_64 | 1.0.1 | 39.00 | 78.00 | 117.00 | OK | |
r-oldrel-macos-arm64 | 1.0.1 | 32.00 | NOTE | |||
r-oldrel-macos-x86_64 | 1.0.1 | 40.00 | NOTE | |||
r-oldrel-windows-ix86+x86_64 | 1.0.1 | 30.00 | 76.00 | 106.00 | OK |
Version: 1.0.1
Check: dependencies in R code
Result: NOTE
Namespaces in Imports field not imported from:
‘MASS’ ‘readr’ ‘tidyverse’ ‘usethis’
All declared Imports should be used.
Flavors: r-devel-linux-x86_64-fedora-clang, r-devel-linux-x86_64-fedora-gcc, r-release-macos-arm64, r-release-macos-x86_64, r-oldrel-macos-arm64, r-oldrel-macos-x86_64