CRAN Package Check Results for Package tggd

Last updated on 2021-12-01 23:51:53 CET.

Flavor Version Tinstall Tcheck Ttotal Status Flags
r-devel-linux-x86_64-debian-clang 0.1.1 1.98 22.36 24.34 NOTE
r-devel-linux-x86_64-debian-gcc 0.1.1 1.47 18.29 19.76 NOTE
r-devel-linux-x86_64-fedora-clang 0.1.1 45.52 NOTE
r-devel-linux-x86_64-fedora-gcc 0.1.1 30.39 NOTE
r-devel-windows-x86_64-new-UL 0.1.1 5.00 60.00 65.00 NOTE
r-devel-windows-x86_64-new-TK 0.1.1 NOTE
r-devel-windows-x86_64-old 0.1.1 4.00 32.00 36.00 NOTE
r-patched-linux-x86_64 0.1.1 3.45 21.40 24.85 NOTE
r-patched-solaris-x86 0.1.1 50.50 NOTE
r-release-linux-x86_64 0.1.1 1.92 21.39 23.31 NOTE
r-release-macos-arm64 0.1.1 NOTE
r-release-macos-x86_64 0.1.1 NOTE
r-release-windows-ix86+x86_64 0.1.1 5.00 34.00 39.00 NOTE
r-oldrel-macos-x86_64 0.1.1 OK
r-oldrel-windows-ix86+x86_64 0.1.1 3.00 39.00 42.00 OK

Check Details

Version: 0.1.1
Check: LazyData
Result: NOTE
     'LazyData' is specified without a 'data' directory
Flavors: r-devel-linux-x86_64-debian-clang, r-devel-linux-x86_64-debian-gcc, r-devel-linux-x86_64-fedora-clang, r-devel-linux-x86_64-fedora-gcc, r-devel-windows-x86_64-new-UL, r-devel-windows-x86_64-new-TK, r-devel-windows-x86_64-old, r-patched-linux-x86_64, r-patched-solaris-x86, r-release-linux-x86_64, r-release-macos-arm64, r-release-macos-x86_64, r-release-windows-ix86+x86_64