CRAN Package Check Results for Package tfruns

Last updated on 2021-09-26 23:49:54 CEST.

Flavor Version Tinstall Tcheck Ttotal Status Flags
r-devel-linux-x86_64-debian-clang 1.5.0 4.45 41.21 45.66 NOTE
r-devel-linux-x86_64-debian-gcc 1.5.0 3.03 31.65 34.68 NOTE
r-devel-linux-x86_64-fedora-clang 1.5.0 66.53 NOTE
r-devel-linux-x86_64-fedora-gcc 1.5.0 55.56 NOTE
r-devel-windows-x86_64 1.5.0 4.00 73.00 77.00 NOTE
r-devel-windows-x86_64-gcc10-UCRT 1.5.0 NOTE
r-patched-linux-x86_64 1.5.0 6.40 40.98 47.38 NOTE
r-patched-solaris-x86 1.5.0 76.40 NOTE
r-release-linux-x86_64 1.5.0 4.57 40.99 45.56 NOTE
r-release-macos-arm64 1.5.0 NOTE
r-release-macos-x86_64 1.5.0 NOTE
r-release-windows-ix86+x86_64 1.5.0 9.00 68.00 77.00 NOTE
r-oldrel-macos-x86_64 1.5.0 OK
r-oldrel-windows-ix86+x86_64 1.5.0 6.00 70.00 76.00 OK

Check Details

Version: 1.5.0
Check: LazyData
Result: NOTE
     'LazyData' is specified without a 'data' directory
Flavors: r-devel-linux-x86_64-debian-clang, r-devel-linux-x86_64-debian-gcc, r-devel-linux-x86_64-fedora-clang, r-devel-linux-x86_64-fedora-gcc, r-devel-windows-x86_64, r-devel-windows-x86_64-gcc10-UCRT, r-patched-linux-x86_64, r-patched-solaris-x86, r-release-linux-x86_64, r-release-macos-arm64, r-release-macos-x86_64, r-release-windows-ix86+x86_64