CRAN Package Check Results for Package textclean

Last updated on 2021-12-02 23:51:25 CET.

Flavor Version Tinstall Tcheck Ttotal Status Flags
r-devel-linux-x86_64-debian-clang 0.9.3 13.59 46.64 60.23 OK
r-devel-linux-x86_64-debian-gcc 0.9.3 11.84 35.74 47.58 OK
r-devel-linux-x86_64-fedora-clang 0.9.3 95.06 NOTE
r-devel-linux-x86_64-fedora-gcc 0.9.3 72.72 NOTE
r-devel-windows-x86_64-new-UL 0.9.3 28.00 84.00 112.00 OK
r-devel-windows-x86_64-new-TK 0.9.3 NOTE
r-devel-windows-x86_64-old 0.9.3 21.00 49.00 70.00 OK
r-patched-linux-x86_64 0.9.3 13.41 44.59 58.00 OK
r-patched-solaris-x86 0.9.3 116.10 NOTE
r-release-linux-x86_64 0.9.3 13.77 43.89 57.66 OK
r-release-macos-arm64 0.9.3 NOTE
r-release-macos-x86_64 0.9.3 NOTE
r-release-windows-ix86+x86_64 0.9.3 23.00 64.00 87.00 OK
r-oldrel-macos-x86_64 0.9.3 NOTE
r-oldrel-windows-ix86+x86_64 0.9.3 23.00 65.00 88.00 OK

Check Details

Version: 0.9.3
Check: dependencies in R code
Result: NOTE
    Namespace in Imports field not imported from: ‘lexicon’
     All declared Imports should be used.
Flavors: r-devel-linux-x86_64-fedora-clang, r-devel-linux-x86_64-fedora-gcc, r-devel-windows-x86_64-new-TK, r-patched-solaris-x86, r-release-macos-arm64, r-release-macos-x86_64, r-oldrel-macos-x86_64

Version: 0.9.3
Check: Rd cross-references
Result: NOTE
    Undeclared package ‘gsubfn’ in Rd xrefs
Flavor: r-devel-linux-x86_64-fedora-clang