CRAN Package Check Results for Package textclean

Last updated on 2021-06-20 23:50:03 CEST.

Flavor Version Tinstall Tcheck Ttotal Status Flags
r-devel-linux-x86_64-debian-clang 0.9.3 13.62 47.35 60.97 OK
r-devel-linux-x86_64-debian-gcc 0.9.3 13.34 36.40 49.74 OK
r-devel-linux-x86_64-fedora-clang 0.9.3 82.84 NOTE
r-devel-linux-x86_64-fedora-gcc 0.9.3 72.92 NOTE
r-devel-windows-x86_64 0.9.3 21.00 52.00 73.00 OK
r-devel-windows-x86_64-gcc10-UCRT 0.9.3 NOTE
r-patched-linux-x86_64 0.9.3 14.00 44.43 58.43 OK
r-patched-solaris-x86 0.9.3 111.00 NOTE
r-release-linux-x86_64 0.9.3 12.60 44.95 57.55 OK
r-release-macos-arm64 0.9.3 NOTE
r-release-macos-x86_64 0.9.3 NOTE
r-release-windows-ix86+x86_64 0.9.3 23.00 53.00 76.00 OK
r-oldrel-macos-x86_64 0.9.3 NOTE

Check Details

Version: 0.9.3
Check: dependencies in R code
Result: NOTE
    Namespace in Imports field not imported from: ‘lexicon’
     All declared Imports should be used.
Flavors: r-devel-linux-x86_64-fedora-clang, r-devel-linux-x86_64-fedora-gcc, r-devel-windows-x86_64-gcc10-UCRT, r-patched-solaris-x86, r-release-macos-arm64, r-release-macos-x86_64, r-oldrel-macos-x86_64

Version: 0.9.3
Check: Rd cross-references
Result: NOTE
    Undeclared package ‘gsubfn’ in Rd xrefs
Flavor: r-devel-linux-x86_64-fedora-clang