CRAN Package Check Results for Package text2vec

Last updated on 2024-06-14 00:54:01 CEST.

Flavor Version Tinstall Tcheck Ttotal Status Flags
r-devel-linux-x86_64-debian-clang 0.6.4 73.70 188.84 262.54 OK
r-devel-linux-x86_64-debian-gcc 0.6.4 55.60 88.71 144.31 ERROR
r-devel-linux-x86_64-fedora-clang 0.6.4 367.48 NOTE
r-devel-linux-x86_64-fedora-gcc 0.6.4 426.97 OK
r-devel-windows-x86_64 0.6.4 61.00 168.00 229.00 OK
r-patched-linux-x86_64 0.6.4 78.90 178.18 257.08 OK
r-release-linux-x86_64 0.6.4 70.11 186.65 256.76 OK
r-release-macos-arm64 0.6.4 107.00 NOTE
r-release-macos-x86_64 0.6.4 162.00 NOTE
r-release-windows-x86_64 0.6.4 64.00 175.00 239.00 OK
r-oldrel-macos-arm64 0.6.4 121.00 NOTE
r-oldrel-macos-x86_64 0.6.4 218.00 NOTE
r-oldrel-windows-x86_64 0.6.4 77.00 218.00 295.00 OK

Check Details

Version: 0.6.4
Check: package dependencies
Result: NOTE Package suggested but not available for checking: ‘testthat’ Flavor: r-devel-linux-x86_64-debian-gcc

Version: 0.6.4
Check: tests
Result: ERROR Running ‘testthat.R’ [0s/1s] Running the tests in ‘tests/testthat.R’ failed. Complete output: > Sys.setenv("R_TESTS" = "") > library(testthat) Error in library(testthat) : there is no package called 'testthat' Execution halted Flavor: r-devel-linux-x86_64-debian-gcc

Version: 0.6.4
Check: whether startup messages can be suppressed
Result: NOTE OMP: Warning #96: Cannot form a team with 24 threads, using 2 instead. OMP: Hint Consider unsetting KMP_DEVICE_THREAD_LIMIT (KMP_ALL_THREADS), KMP_TEAMS_THREAD_LIMIT, and OMP_THREAD_LIMIT (if any are set). It looks like this package (or a package it requires) has a startup message which cannot be suppressed: see ?packageStartupMessage. Flavor: r-devel-linux-x86_64-fedora-clang

Version: 0.6.4
Check: installed package size
Result: NOTE installed size is 7.6Mb sub-directories of 1Mb or more: data 2.7Mb libs 4.0Mb Flavors: r-release-macos-arm64, r-release-macos-x86_64, r-oldrel-macos-arm64, r-oldrel-macos-x86_64