CRAN Package Check Results for Package text2map

Last updated on 2024-07-16 00:56:14 CEST.

Flavor Version Tinstall Tcheck Ttotal Status Flags
r-devel-linux-x86_64-debian-clang 0.2.0 19.41 182.64 202.05 OK
r-devel-linux-x86_64-debian-gcc 0.2.0 15.98 133.62 149.60 OK
r-devel-linux-x86_64-fedora-clang 0.2.0 243.61 NOTE
r-devel-linux-x86_64-fedora-gcc 0.2.0 232.14 OK
r-devel-windows-x86_64 0.2.0 19.00 146.00 165.00 OK
r-patched-linux-x86_64 0.2.0 13.91 170.58 184.49 OK
r-release-linux-x86_64 0.2.0 13.10 174.35 187.45 OK
r-release-macos-arm64 0.2.0 65.00 OK
r-release-macos-x86_64 0.2.0 101.00 OK
r-release-windows-x86_64 0.2.0 18.00 143.00 161.00 OK
r-oldrel-macos-arm64 0.2.0 76.00 OK
r-oldrel-macos-x86_64 0.2.0 167.00 OK
r-oldrel-windows-x86_64 0.2.0 22.00 176.00 198.00 OK

Check Details

Version: 0.2.0
Check: whether startup messages can be suppressed
Result: NOTE OMP: Warning #96: Cannot form a team with 24 threads, using 2 instead. OMP: Hint Consider unsetting KMP_DEVICE_THREAD_LIMIT (KMP_ALL_THREADS), KMP_TEAMS_THREAD_LIMIT, and OMP_THREAD_LIMIT (if any are set). It looks like this package (or a package it requires) has a startup message which cannot be suppressed: see ?packageStartupMessage. Flavor: r-devel-linux-x86_64-fedora-clang