CRAN Package Check Results for Package texmex

Last updated on 2024-06-14 00:54:01 CEST.

Flavor Version Tinstall Tcheck Ttotal Status Flags
r-devel-linux-x86_64-debian-clang 2.4.9 46.07 129.52 175.59 OK
r-devel-linux-x86_64-debian-gcc 2.4.9 0.58 1.77 2.35 ERROR
r-devel-linux-x86_64-fedora-clang 2.4.9 224.32 OK
r-devel-linux-x86_64-fedora-gcc 2.4.9 220.39 OK
r-devel-windows-x86_64 2.4.9 38.00 130.00 168.00 OK
r-patched-linux-x86_64 2.4.9 42.51 124.91 167.42 OK
r-release-linux-x86_64 2.4.9 35.25 120.12 155.37 OK
r-release-macos-arm64 2.4.9 57.00 OK
r-release-macos-x86_64 2.4.9 87.00 OK
r-release-windows-x86_64 2.4.9 38.00 131.00 169.00 OK
r-oldrel-macos-arm64 2.4.9 68.00 OK
r-oldrel-macos-x86_64 2.4.9 127.00 OK
r-oldrel-windows-x86_64 2.4.9 46.00 155.00 201.00 OK

Check Details

Version: 2.4.9
Check: package dependencies
Result: ERROR Package required but not available: ‘ggplot2’ Packages suggested but not available for checking: 'dplyr', 'tidyr', 'testthat', 'devtools' See section ‘The DESCRIPTION file’ in the ‘Writing R Extensions’ manual. Flavor: r-devel-linux-x86_64-debian-gcc