CRAN Package Check Results for Package testcorr

Last updated on 2021-10-24 23:52:05 CEST.

Flavor Version Tinstall Tcheck Ttotal Status Flags
r-devel-linux-x86_64-debian-clang 0.2.0 6.73 76.35 83.08 OK
r-devel-linux-x86_64-debian-gcc 0.2.0 4.82 56.93 61.75 OK
r-devel-linux-x86_64-fedora-clang 0.2.0 127.33 NOTE
r-devel-linux-x86_64-fedora-gcc 0.2.0 114.11 NOTE
r-devel-windows-x86_64 0.2.0 11.00 72.00 83.00 OK
r-devel-windows-x86_64-gcc10-UCRT 0.2.0 OK
r-patched-linux-x86_64 0.2.0 6.03 72.09 78.12 OK
r-patched-solaris-x86 0.2.0 134.00 NOTE
r-release-linux-x86_64 0.2.0 4.95 71.13 76.08 OK
r-release-macos-arm64 0.2.0 OK
r-release-macos-x86_64 0.2.0 OK
r-release-windows-ix86+x86_64 0.2.0 11.00 99.00 110.00 OK
r-oldrel-macos-x86_64 0.2.0 OK
r-oldrel-windows-ix86+x86_64 0.2.0 17.00 95.00 112.00 OK

Additional issues

M1mac

Check Details

Version: 0.2.0
Check: for detritus in the temp directory
Result: NOTE
    Found the following files/directories:
     ‘par-7269706c6579’
Flavors: r-devel-linux-x86_64-fedora-clang, r-devel-linux-x86_64-fedora-gcc, r-patched-solaris-x86