CRAN Package Check Results for Package terrainr

Last updated on 2021-09-19 23:50:39 CEST.

Flavor Version Tinstall Tcheck Ttotal Status Flags
r-devel-linux-x86_64-debian-clang 0.5.0 5.08 64.31 69.39 OK
r-devel-linux-x86_64-debian-gcc 0.5.0 4.63 48.54 53.17 OK
r-devel-linux-x86_64-fedora-clang 0.5.0 91.95 OK
r-devel-linux-x86_64-fedora-gcc 0.5.0 81.27 OK
r-devel-windows-x86_64 0.5.0 7.00 70.00 77.00 OK
r-devel-windows-x86_64-gcc10-UCRT 0.5.0 ERROR
r-patched-linux-x86_64 0.5.0 6.04 60.74 66.78 OK
r-patched-solaris-x86 0.5.0 124.10 OK
r-release-linux-x86_64 0.5.0 5.20 60.71 65.91 OK
r-release-macos-arm64 0.5.0 OK
r-release-macos-x86_64 0.5.0 OK
r-release-windows-ix86+x86_64 0.5.0 12.00 59.00 71.00 OK
r-oldrel-macos-x86_64 0.5.0 OK
r-oldrel-windows-ix86+x86_64 0.5.0 13.00 66.00 79.00 OK

Check Details

Version: 0.5.0
Check: whether package can be installed
Result: WARN
    Found the following significant warnings:
     WARNING: installation-time patches will not be applied, could not get the patches index
Flavor: r-devel-windows-x86_64-gcc10-UCRT

Version: 0.5.0
Check: PDF version of manual
Result: WARN
    LaTeX errors when creating PDF version.
    This typically indicates Rd problems.
Flavor: r-devel-windows-x86_64-gcc10-UCRT

Version: 0.5.0
Check: PDF version of manual without hyperrefs or index
Result: ERROR
    Re-running with no redirection of stdout/stderr.
Flavor: r-devel-windows-x86_64-gcc10-UCRT