CRAN Package Check Results for Package tern

Last updated on 2024-06-14 00:54:01 CEST.

Flavor Version Tinstall Tcheck Ttotal Status Flags
r-devel-linux-x86_64-debian-clang 0.9.4 38.00 668.05 706.05 OK
r-devel-linux-x86_64-debian-gcc 0.9.4 1.10 1.94 3.04 ERROR
r-devel-linux-x86_64-fedora-clang 0.9.4 839.19 NOTE
r-devel-linux-x86_64-fedora-gcc 0.9.4 814.61 OK
r-devel-windows-x86_64 0.9.4 29.00 489.00 518.00 NOTE
r-patched-linux-x86_64 0.9.4 49.16 639.98 689.14 OK
r-release-linux-x86_64 0.9.4 34.87 627.16 662.03 OK
r-release-macos-arm64 0.9.4 166.00 NOTE
r-release-macos-x86_64 0.9.4 323.00 NOTE
r-release-windows-x86_64 0.9.4 31.00 492.00 523.00 NOTE
r-oldrel-macos-arm64 0.9.4 199.00 NOTE
r-oldrel-macos-x86_64 0.9.4 322.00 NOTE
r-oldrel-windows-x86_64 0.9.4 40.00 603.00 643.00 NOTE

Check Details

Version: 0.9.4
Check: package dependencies
Result: ERROR Packages required but not available: 'broom', 'car', 'cowplot', 'dplyr', 'forcats', 'ggplot2', 'tibble', 'tidyr' Packages suggested but not available for checking: 'lubridate', 'nestcolor', 'stringr', 'testthat' See section ‘The DESCRIPTION file’ in the ‘Writing R Extensions’ manual. Flavor: r-devel-linux-x86_64-debian-gcc

Version: 0.9.4
Check: package dependencies
Result: NOTE Imports includes 21 non-default packages. Importing from so many packages makes the package vulnerable to any of them becoming unavailable. Move as many as possible to Suggests and use conditionally. Flavor: r-devel-linux-x86_64-fedora-clang

Version: 0.9.4
Check: installed package size
Result: NOTE installed size is 8.5Mb sub-directories of 1Mb or more: doc 4.5Mb help 2.7Mb Flavors: r-devel-linux-x86_64-fedora-clang, r-devel-windows-x86_64, r-release-macos-arm64, r-release-macos-x86_64, r-release-windows-x86_64, r-oldrel-macos-arm64, r-oldrel-macos-x86_64, r-oldrel-windows-x86_64