CRAN Package Check Results for Package tenispolaR

Last updated on 2023-05-30 00:59:59 CEST.

Flavor Version Tinstall Tcheck Ttotal Status Flags
r-devel-linux-x86_64-debian-clang 0.1.4 2.01 23.79 25.80 NOTE
r-devel-linux-x86_64-debian-gcc 0.1.4 1.46 18.70 20.16 NOTE
r-devel-linux-x86_64-fedora-clang 0.1.4 32.58 NOTE
r-devel-linux-x86_64-fedora-gcc 0.1.4 30.49 NOTE
r-devel-windows-x86_64 0.1.4 4.00 47.00 51.00 NOTE
r-patched-linux-x86_64 0.1.4 1.57 22.83 24.40 NOTE
r-release-linux-x86_64 0.1.4 1.99 22.27 24.26 NOTE
r-release-macos-arm64 0.1.4 14.00 NOTE
r-release-macos-x86_64 0.1.4 19.00 NOTE
r-release-windows-x86_64 0.1.4 4.00 44.00 48.00 NOTE
r-oldrel-macos-arm64 0.1.4 17.00 NOTE
r-oldrel-macos-x86_64 0.1.4 20.00 NOTE
r-oldrel-windows-x86_64 0.1.4 4.00 48.00 52.00 NOTE

Check Details

Version: 0.1.4
Check: LazyData
Result: NOTE
     'LazyData' is specified without a 'data' directory
Flavors: r-devel-linux-x86_64-debian-clang, r-devel-linux-x86_64-debian-gcc, r-devel-linux-x86_64-fedora-clang, r-devel-linux-x86_64-fedora-gcc, r-devel-windows-x86_64, r-patched-linux-x86_64, r-release-linux-x86_64, r-release-macos-arm64, r-release-macos-x86_64, r-release-windows-x86_64, r-oldrel-macos-arm64, r-oldrel-macos-x86_64, r-oldrel-windows-x86_64