CRAN Package Check Results for Package tenispolaR

Last updated on 2022-01-23 23:50:32 CET.

Flavor Version Tinstall Tcheck Ttotal Status Flags
r-devel-linux-x86_64-debian-clang 0.1.4 1.81 30.24 32.05 NOTE
r-devel-linux-x86_64-debian-gcc 0.1.4 1.31 25.87 27.18 NOTE
r-devel-linux-x86_64-fedora-clang 0.1.4 41.69 NOTE
r-devel-linux-x86_64-fedora-gcc 0.1.4 29.05 NOTE
r-devel-windows-x86_64-new-UL 0.1.4 18.00 54.00 72.00 NOTE
r-devel-windows-x86_64-new-TK 0.1.4 NOTE
r-patched-linux-x86_64 0.1.4 1.43 29.13 30.56 NOTE
r-release-linux-x86_64 0.1.4 1.87 29.10 30.97 NOTE
r-release-macos-arm64 0.1.4 NOTE
r-release-macos-x86_64 0.1.4 NOTE
r-release-windows-ix86+x86_64 0.1.4 4.00 39.00 43.00 NOTE
r-oldrel-macos-x86_64 0.1.4 OK
r-oldrel-windows-ix86+x86_64 0.1.4 4.00 37.00 41.00 OK

Check Details

Version: 0.1.4
Check: LazyData
Result: NOTE
     'LazyData' is specified without a 'data' directory
Flavors: r-devel-linux-x86_64-debian-clang, r-devel-linux-x86_64-debian-gcc, r-devel-linux-x86_64-fedora-clang, r-devel-linux-x86_64-fedora-gcc, r-devel-windows-x86_64-new-UL, r-devel-windows-x86_64-new-TK, r-patched-linux-x86_64, r-release-linux-x86_64, r-release-macos-arm64, r-release-macos-x86_64, r-release-windows-ix86+x86_64