Last updated on 2023-06-09 00:54:37 CEST.
Flavor | Version | Tinstall | Tcheck | Ttotal | Status | Flags |
---|---|---|---|---|---|---|
r-devel-linux-x86_64-debian-clang | 1.0.3 | 269.68 | 386.95 | 656.63 | NOTE | |
r-devel-linux-x86_64-debian-gcc | 1.0.3 | 207.56 | 282.23 | 489.79 | NOTE | |
r-devel-linux-x86_64-fedora-clang | 1.0.3 | 914.03 | NOTE | |||
r-devel-linux-x86_64-fedora-gcc | 1.0.3 | 879.33 | NOTE | |||
r-devel-windows-x86_64 | 1.0.3 | 195.00 | 274.00 | 469.00 | NOTE | |
r-patched-linux-x86_64 | 1.0.3 | 189.44 | 360.79 | 550.23 | NOTE | |
r-release-linux-x86_64 | 1.0.3 | 174.50 | 368.98 | 543.48 | NOTE | |
r-release-macos-arm64 | 1.0.3 | 203.00 | NOTE | |||
r-release-macos-x86_64 | 1.0.3 | 354.00 | NOTE | |||
r-release-windows-x86_64 | 1.0.3 | 269.00 | 364.00 | 633.00 | NOTE | |
r-oldrel-macos-arm64 | 1.0.3 | 168.00 | NOTE | |||
r-oldrel-macos-x86_64 | 1.0.3 | 287.00 | NOTE | |||
r-oldrel-windows-x86_64 | 1.0.3 | 266.00 | 346.00 | 612.00 | OK |
Version: 1.0.3
Check: C++ specification
Result: NOTE
Specified C++11: please drop specification unless essential
Flavors: r-devel-linux-x86_64-debian-clang, r-devel-linux-x86_64-debian-gcc, r-devel-linux-x86_64-fedora-clang, r-devel-linux-x86_64-fedora-gcc, r-devel-windows-x86_64, r-patched-linux-x86_64, r-release-linux-x86_64, r-release-macos-arm64, r-release-macos-x86_64, r-release-windows-x86_64
Version: 1.0.3
Check: installed package size
Result: NOTE
installed size is 18.7Mb
sub-directories of 1Mb or more:
data 2.4Mb
libs 16.0Mb
Flavors: r-release-macos-arm64, r-release-macos-x86_64, r-oldrel-macos-arm64, r-oldrel-macos-x86_64