CRAN Package Check Results for Package teal.modules.clinical

Last updated on 2024-06-20 00:59:49 CEST.

Flavor Version Tinstall Tcheck Ttotal Status Flags
r-devel-linux-x86_64-debian-clang 0.9.1 30.02 279.19 309.21 OK
r-devel-linux-x86_64-debian-gcc 0.9.1 24.28 198.80 223.08 OK
r-devel-linux-x86_64-fedora-clang 0.9.1 408.87 ERROR
r-devel-linux-x86_64-fedora-gcc 0.9.1 401.04 OK
r-devel-windows-x86_64 0.9.1 30.00 229.00 259.00 OK
r-patched-linux-x86_64 0.9.1 43.05 275.83 318.88 OK
r-release-linux-x86_64 0.9.1 27.25 276.95 304.20 OK
r-release-macos-arm64 0.9.1 81.00 OK
r-release-macos-x86_64 0.9.1 160.00 OK
r-release-windows-x86_64 0.9.1 30.00 231.00 261.00 OK
r-oldrel-macos-arm64 0.9.1 95.00 OK
r-oldrel-macos-x86_64 0.9.1 154.00 OK
r-oldrel-windows-x86_64 0.9.1 37.00 287.00 324.00 OK

Check Details

Version: 0.9.1
Check: package dependencies
Result: NOTE Imports includes 24 non-default packages. Importing from so many packages makes the package vulnerable to any of them becoming unavailable. Move as many as possible to Suggests and use conditionally. Flavor: r-devel-linux-x86_64-fedora-clang

Version: 0.9.1
Check: Rd cross-references
Result: NOTE Undeclared packages ‘emmeans’, ‘labeling’ in Rd xrefs Flavor: r-devel-linux-x86_64-fedora-clang

Version: 0.9.1
Check: re-building of vignette outputs
Result: ERROR Error(s) in re-building vignettes: --- re-building ‘generate_tmc_test_data.Rmd’ using rmarkdown --- finished re-building ‘generate_tmc_test_data.Rmd’ --- re-building ‘quickstart_substitute.Rmd’ using rmarkdown Quitting from lines 303-304 [unnamed-chunk-14] (quickstart_substitute.Rmd) Error: processing vignette 'quickstart_substitute.Rmd' failed with diagnostics: argument "fontspec" is missing, with no default --- failed re-building ‘quickstart_substitute.Rmd’ --- re-building ‘teal-modules-clinical.Rmd’ using rmarkdown --- finished re-building ‘teal-modules-clinical.Rmd’ SUMMARY: processing the following file failed: ‘quickstart_substitute.Rmd’ Error: Vignette re-building failed. Execution halted Flavor: r-devel-linux-x86_64-fedora-clang