Last updated on 2023-10-03 01:05:06 CEST.
Flavor | Version | Tinstall | Tcheck | Ttotal | Status | Flags |
---|---|---|---|---|---|---|
r-devel-linux-x86_64-debian-clang | 1.2-11 | 5.22 | 40.12 | 45.34 | NOTE | |
r-devel-linux-x86_64-debian-gcc | 1.2-11 | 5.29 | 30.60 | 35.89 | NOTE | |
r-devel-linux-x86_64-fedora-clang | 1.2-11 | 58.81 | NOTE | |||
r-devel-linux-x86_64-fedora-gcc | 1.2-11 | 57.41 | NOTE | |||
r-devel-windows-x86_64 | 1.2-11 | 10.00 | 54.00 | 64.00 | NOTE | |
r-patched-linux-x86_64 | 1.2-11 | 6.90 | 40.20 | 47.10 | NOTE | |
r-release-linux-x86_64 | 1.2-11 | 6.41 | 39.74 | 46.15 | NOTE | |
r-release-macos-arm64 | 1.2-11 | 28.00 | NOTE | |||
r-release-macos-x86_64 | 1.2-11 | 47.00 | NOTE | |||
r-release-windows-x86_64 | 1.2-11 | 10.00 | 59.00 | 69.00 | NOTE | |
r-oldrel-macos-arm64 | 1.2-11 | 35.00 | NOTE | |||
r-oldrel-macos-x86_64 | 1.2-11 | 45.00 | NOTE | |||
r-oldrel-windows-x86_64 | 1.2-11 | 34.00 | 71.00 | 105.00 | NOTE |
Version: 1.2-11
Check: DESCRIPTION meta-information
Result: NOTE
Malformed Description field: should contain one or more complete sentences.
Flavors: r-devel-linux-x86_64-debian-clang, r-devel-linux-x86_64-debian-gcc, r-devel-linux-x86_64-fedora-clang, r-devel-linux-x86_64-fedora-gcc, r-devel-windows-x86_64, r-patched-linux-x86_64, r-release-linux-x86_64, r-release-macos-arm64, r-release-macos-x86_64, r-release-windows-x86_64, r-oldrel-macos-arm64, r-oldrel-macos-x86_64, r-oldrel-windows-x86_64
Version: 1.2-11
Check: installed package size
Result: NOTE
installed size is 5.2Mb
sub-directories of 1Mb or more:
tklibs 4.9Mb
Flavors: r-devel-linux-x86_64-fedora-clang, r-release-macos-arm64, r-release-macos-x86_64, r-oldrel-macos-arm64, r-oldrel-macos-x86_64