CRAN Package Check Results for Package targeted

Last updated on 2022-01-26 23:50:35 CET.

Flavor Version Tinstall Tcheck Ttotal Status Flags
r-devel-linux-x86_64-debian-clang 0.2.0 176.32 142.13 318.45 OK
r-devel-linux-x86_64-debian-gcc 0.2.0 137.23 130.40 267.63 OK
r-devel-linux-x86_64-fedora-clang 0.2.0 473.27 NOTE
r-devel-linux-x86_64-fedora-gcc 0.2.0 415.14 OK
r-devel-windows-x86_64-new-UL 0.2.0 176.00 188.00 364.00 OK
r-devel-windows-x86_64-new-TK 0.2.0 OK
r-patched-linux-x86_64 0.2.0 163.10 130.62 293.72 OK
r-release-linux-x86_64 0.2.0 165.53 129.90 295.43 OK
r-release-macos-arm64 0.2.0 NOTE
r-release-macos-x86_64 0.2.0 NOTE
r-release-windows-ix86+x86_64 0.2.0 428.00 209.00 637.00 OK
r-oldrel-macos-x86_64 0.2.0 NOTE
r-oldrel-windows-ix86+x86_64 0.2.0 431.00 211.00 642.00 OK

Check Details

Version: 0.2.0
Check: installed package size
Result: NOTE
     installed size is 9.7Mb
     sub-directories of 1Mb or more:
     libs 8.6Mb
Flavors: r-devel-linux-x86_64-fedora-clang, r-release-macos-arm64, r-release-macos-x86_64, r-oldrel-macos-x86_64