CRAN Package Check Results for Package tabulator

Last updated on 2024-07-17 00:48:32 CEST.

Flavor Version Tinstall Tcheck Ttotal Status Flags
r-devel-linux-x86_64-debian-clang 1.0.0 4.99 44.51 49.50 NOTE
r-devel-linux-x86_64-debian-gcc 1.0.0 3.64 33.00 36.64 NOTE
r-devel-linux-x86_64-fedora-clang 1.0.0 62.32 NOTE
r-devel-linux-x86_64-fedora-gcc 1.0.0 56.94 NOTE
r-devel-windows-x86_64 1.0.0 7.00 53.00 60.00 NOTE
r-patched-linux-x86_64 1.0.0 5.58 42.97 48.55 NOTE
r-release-linux-x86_64 1.0.0 3.22 42.62 45.84 NOTE
r-release-macos-arm64 1.0.0 23.00 NOTE
r-release-macos-x86_64 1.0.0 32.00 NOTE
r-release-windows-x86_64 1.0.0 6.00 53.00 59.00 NOTE
r-oldrel-macos-arm64 1.0.0 24.00 NOTE
r-oldrel-macos-x86_64 1.0.0 32.00 NOTE
r-oldrel-windows-x86_64 1.0.0 7.00 63.00 70.00 NOTE

Check Details

Version: 1.0.0
Check: LazyData
Result: NOTE 'LazyData' is specified without a 'data' directory Flavors: r-devel-linux-x86_64-debian-clang, r-devel-linux-x86_64-debian-gcc, r-devel-linux-x86_64-fedora-clang, r-devel-linux-x86_64-fedora-gcc, r-devel-windows-x86_64, r-patched-linux-x86_64, r-release-linux-x86_64, r-release-macos-arm64, r-release-macos-x86_64, r-release-windows-x86_64, r-oldrel-macos-arm64, r-oldrel-macos-x86_64, r-oldrel-windows-x86_64

Version: 1.0.0
Check: dependencies in R code
Result: NOTE Namespaces in Imports field not imported from: ‘stringr’ ‘tibble’ All declared Imports should be used. Flavors: r-devel-linux-x86_64-fedora-clang, r-devel-linux-x86_64-fedora-gcc