CRAN Package Check Results for Package systemfit

Last updated on 2021-09-27 23:50:56 CEST.

Flavor Version Tinstall Tcheck Ttotal Status Flags
r-devel-linux-x86_64-debian-clang 1.1-24 15.18 227.33 242.51 OK
r-devel-linux-x86_64-debian-gcc 1.1-24 11.70 167.76 179.46 OK
r-devel-linux-x86_64-fedora-clang 1.1-24 293.11 NOTE
r-devel-linux-x86_64-fedora-gcc 1.1-24 279.81 OK
r-devel-windows-x86_64 1.1-24 16.00 201.00 217.00 OK
r-devel-windows-x86_64-gcc10-UCRT 1.1-24 OK
r-patched-linux-x86_64 1.1-24 13.16 210.59 223.75 OK
r-patched-solaris-x86 1.1-24 410.30 OK
r-release-linux-x86_64 1.1-24 14.71 217.04 231.75 OK
r-release-macos-arm64 1.1-24 NOTE
r-release-macos-x86_64 1.1-24 OK
r-release-windows-ix86+x86_64 1.1-24 30.00 208.00 238.00 OK
r-oldrel-macos-x86_64 1.1-24 OK
r-oldrel-windows-ix86+x86_64 1.1-24 26.00 209.00 235.00 OK

Check Details

Version: 1.1-24
Check: Rd cross-references
Result: NOTE
    Undeclared package ‘Ecdat’ in Rd xrefs
Flavor: r-devel-linux-x86_64-fedora-clang

Version: 1.1-24
Check: re-building of vignette outputs
Result: NOTE
    Error(s) in re-building vignettes:
    --- re-building ‘systemfit.Rnw’ using Sweave
    Loading required package: Matrix
    Loading required package: car
    Loading required package: carData
    Loading required package: lmtest
    Loading required package: zoo
    
    Attaching package: ‘zoo’
    
    The following objects are masked from ‘package:base’:
    
     as.Date, as.Date.numeric
    
    
    Please cite the 'systemfit' package as:
    Arne Henningsen and Jeff D. Hamann (2007). systemfit: A Package for Estimating Systems of Simultaneous Equations in R. Journal of Statistical Software 23(4), 1-40. http://www.jstatsoft.org/v23/i04/.
    
    If you have questions, suggestions, or comments regarding the 'systemfit' package, please use a forum or 'tracker' at systemfit's R-Forge site:
    https://r-forge.r-project.org/projects/systemfit/
    
    Error: processing vignette 'systemfit.Rnw' failed with diagnostics:
     chunk 43 (label = systemfit_sem)
    Error : package or namespace load failed for ‘sem’ in loadNamespace(j <- i[[1L]], c(lib.loc, .libPaths()), versionCheck = vI[[j]]):
     there is no package called ‘mi’
    
    --- failed re-building ‘systemfit.Rnw’
    
    SUMMARY: processing the following file failed:
     ‘systemfit.Rnw’
    
    Error: Vignette re-building failed.
    Execution halted
Flavor: r-release-macos-arm64