Last updated on 2023-01-27 23:38:11 CET.
Flavor | Version | Tinstall | Tcheck | Ttotal | Status | Flags |
---|---|---|---|---|---|---|
r-devel-linux-x86_64-debian-clang | 1.3.5 | 30.98 | 29.78 | 60.76 | OK | |
r-devel-linux-x86_64-debian-gcc | 1.3.5 | 22.59 | 22.88 | 45.47 | NOTE | |
r-devel-linux-x86_64-fedora-clang | 1.3.5 | 84.08 | NOTE | |||
r-devel-linux-x86_64-fedora-gcc | 1.3.5 | 76.67 | NOTE | |||
r-patched-linux-x86_64 | 1.3.5 | 25.91 | 29.20 | 55.11 | OK | |
r-release-linux-x86_64 | 1.3.5 | 23.95 | 29.37 | 53.32 | OK | |
r-release-macos-arm64 | 1.3.5 | 26.00 | OK | |||
r-release-macos-x86_64 | 1.3.5 | 36.00 | OK | |||
r-release-windows-x86_64 | 1.3.5 | 142.00 | 84.00 | 226.00 | OK | |
r-oldrel-macos-arm64 | 1.3.5 | 31.00 | OK | |||
r-oldrel-macos-x86_64 | 1.3.5 | 49.00 | OK | |||
r-oldrel-windows-ix86+x86_64 | 1.3.5 | 80.00 | 82.00 | 162.00 | OK |
Version: 1.3.5
Check: C++ specification
Result: NOTE
Specified C++11: please update to current default of C++17
Flavors: r-devel-linux-x86_64-debian-gcc, r-devel-linux-x86_64-fedora-clang, r-devel-linux-x86_64-fedora-gcc
Version: 1.3.5
Check: top-level files
Result: NOTE
possible bashism in configure line 12 (echo -n):
echo -n " checking for Sun Studio compiler..."
possible bashism in configure line 22 (echo -n):
echo -n " checking for OS..."
Flavors: r-devel-linux-x86_64-fedora-clang, r-devel-linux-x86_64-fedora-gcc