CRAN Package Check Results for Package synRNASeqNet

Last updated on 2022-01-23 23:50:32 CET.

Flavor Version Tinstall Tcheck Ttotal Status Flags
r-devel-linux-x86_64-debian-clang 1.0 3.32 51.89 55.21 NOTE
r-devel-linux-x86_64-debian-gcc 1.0 3.34 42.61 45.95 NOTE
r-devel-linux-x86_64-fedora-clang 1.0 70.93 NOTE
r-devel-linux-x86_64-fedora-gcc 1.0 55.86 NOTE
r-devel-windows-x86_64-new-UL 1.0 86.00 82.00 168.00 NOTE
r-devel-windows-x86_64-new-TK 1.0 NOTE
r-patched-linux-x86_64 1.0 3.55 49.30 52.85 NOTE
r-release-linux-x86_64 1.0 3.07 49.28 52.35 NOTE
r-release-macos-arm64 1.0 NOTE
r-release-macos-x86_64 1.0 NOTE
r-release-windows-ix86+x86_64 1.0 8.00 72.00 80.00 NOTE
r-oldrel-macos-x86_64 1.0 NOTE
r-oldrel-windows-ix86+x86_64 1.0 7.00 72.00 79.00 NOTE

Check Details

Version: 1.0
Check: R code for possible problems
Result: NOTE
    mainNetFunction: no visible global function definition for 'png'
    mainNetFunction: no visible global function definition for 'lines'
    mainNetFunction: no visible global function definition for 'legend'
    mainNetFunction: no visible global function definition for 'dev.off'
    plotROC: no visible global function definition for 'lines'
    simulatedData: no visible global function definition for 'rpois'
    simulatedData : <anonymous>: no visible global function definition for
     'rpois'
    simulatedData : rlognormpois: no visible global function definition for
     'rnorm'
    simulatedData : rlognormpois: no visible global function definition for
     'rpois'
    Undefined global functions or variables:
     dev.off legend lines png rnorm rpois
    Consider adding
     importFrom("grDevices", "dev.off", "png")
     importFrom("graphics", "legend", "lines")
     importFrom("stats", "rnorm", "rpois")
    to your NAMESPACE file.
Flavors: r-devel-linux-x86_64-debian-clang, r-devel-linux-x86_64-debian-gcc, r-devel-linux-x86_64-fedora-clang, r-devel-linux-x86_64-fedora-gcc, r-devel-windows-x86_64-new-UL, r-devel-windows-x86_64-new-TK, r-patched-linux-x86_64, r-release-linux-x86_64, r-release-macos-arm64, r-release-macos-x86_64, r-release-windows-ix86+x86_64, r-oldrel-macos-x86_64, r-oldrel-windows-ix86+x86_64