CRAN Package Check Results for Package symmetry

Last updated on 2021-12-07 23:54:46 CET.

Flavor Version Tinstall Tcheck Ttotal Status Flags
r-devel-linux-x86_64-debian-clang 0.2.1 200.90 41.92 242.82 NOTE
r-devel-linux-x86_64-debian-gcc 0.2.1 133.83 33.11 166.94 NOTE
r-devel-linux-x86_64-fedora-clang 0.2.1 405.77 NOTE
r-devel-linux-x86_64-fedora-gcc 0.2.1 318.56 NOTE
r-devel-windows-x86_64-new-UL 0.2.1 253.00 97.00 350.00 NOTE
r-devel-windows-x86_64-new-TK 0.2.1 NOTE
r-devel-windows-x86_64-old 0.2.1 254.00 50.00 304.00 NOTE
r-patched-linux-x86_64 0.2.1 166.77 41.07 207.84 NOTE
r-release-linux-x86_64 0.2.1 162.07 41.44 203.51 NOTE
r-release-macos-arm64 0.2.1 NOTE
r-release-macos-x86_64 0.2.1 NOTE
r-release-windows-ix86+x86_64 0.2.1 367.00 84.00 451.00 NOTE
r-oldrel-macos-x86_64 0.2.1 OK
r-oldrel-windows-ix86+x86_64 0.2.1 503.00 84.00 587.00 OK

Check Details

Version: 0.2.1
Check: LazyData
Result: NOTE
     'LazyData' is specified without a 'data' directory
Flavors: r-devel-linux-x86_64-debian-clang, r-devel-linux-x86_64-debian-gcc, r-devel-linux-x86_64-fedora-clang, r-devel-linux-x86_64-fedora-gcc, r-devel-windows-x86_64-new-UL, r-devel-windows-x86_64-new-TK, r-devel-windows-x86_64-old, r-patched-linux-x86_64, r-release-linux-x86_64, r-release-macos-arm64, r-release-macos-x86_64, r-release-windows-ix86+x86_64

Version: 0.2.1
Check: installed package size
Result: NOTE
     installed size is 5.8Mb
     sub-directories of 1Mb or more:
     libs 5.6Mb
Flavors: r-devel-linux-x86_64-fedora-clang, r-release-macos-arm64