CRAN Package Check Results for Package sylly

Last updated on 2021-09-23 23:50:22 CEST.

Flavor Version Tinstall Tcheck Ttotal Status Flags
r-devel-linux-x86_64-debian-clang 0.1-6 4.56 37.61 42.17 NOTE
r-devel-linux-x86_64-debian-gcc 0.1-6 3.61 29.03 32.64 NOTE
r-devel-linux-x86_64-fedora-clang 0.1-6 60.82 NOTE
r-devel-linux-x86_64-fedora-gcc 0.1-6 49.58 NOTE
r-devel-windows-x86_64 0.1-6 8.00 45.00 53.00 NOTE
r-devel-windows-x86_64-gcc10-UCRT 0.1-6 NOTE
r-patched-linux-x86_64 0.1-6 4.62 36.03 40.65 NOTE
r-patched-solaris-x86 0.1-6 76.50 NOTE
r-release-linux-x86_64 0.1-6 4.26 36.65 40.91 NOTE
r-release-macos-arm64 0.1-6 NOTE
r-release-macos-x86_64 0.1-6 NOTE
r-release-windows-ix86+x86_64 0.1-6 12.00 43.00 55.00 NOTE
r-oldrel-macos-x86_64 0.1-6 NOTE
r-oldrel-windows-ix86+x86_64 0.1-6 20.00 38.00 58.00 NOTE

Check Details

Version: 0.1-6
Check: package dependencies
Result: NOTE
    Packages suggested but not available for checking: 'sylly.de', 'sylly.es'
Flavors: r-devel-linux-x86_64-debian-clang, r-devel-linux-x86_64-debian-gcc, r-devel-linux-x86_64-fedora-clang, r-devel-linux-x86_64-fedora-gcc, r-devel-windows-x86_64, r-devel-windows-x86_64-gcc10-UCRT, r-patched-linux-x86_64, r-patched-solaris-x86, r-release-linux-x86_64, r-release-macos-arm64, r-release-macos-x86_64, r-release-windows-ix86+x86_64, r-oldrel-macos-x86_64, r-oldrel-windows-ix86+x86_64