CRAN Package Check Results for Package switchnpreg

Last updated on 2021-09-19 23:50:38 CEST.

Flavor Version Tinstall Tcheck Ttotal Status Flags
r-devel-linux-x86_64-debian-clang 0.8-0 7.64 73.04 80.68 NOTE
r-devel-linux-x86_64-debian-gcc 0.8-0 6.90 56.81 63.71 NOTE
r-devel-linux-x86_64-fedora-clang 0.8-0 109.31 NOTE
r-devel-linux-x86_64-fedora-gcc 0.8-0 97.01 NOTE
r-devel-windows-x86_64 0.8-0 10.00 71.00 81.00 NOTE
r-devel-windows-x86_64-gcc10-UCRT 0.8-0 ERROR
r-patched-linux-x86_64 0.8-0 8.70 70.59 79.29 NOTE
r-patched-solaris-x86 0.8-0 154.60 NOTE
r-release-linux-x86_64 0.8-0 9.61 71.35 80.96 NOTE
r-release-macos-arm64 0.8-0 NOTE
r-release-macos-x86_64 0.8-0 NOTE
r-release-windows-ix86+x86_64 0.8-0 21.00 65.00 86.00 NOTE
r-oldrel-macos-x86_64 0.8-0 NOTE
r-oldrel-windows-ix86+x86_64 0.8-0 22.00 69.00 91.00 NOTE

Check Details

Version: 0.8-0
Check: dependencies in R code
Result: NOTE
    Packages in Depends field not imported from:
     'MASS' 'fda' 'splines'
     These packages need to be imported from (in the NAMESPACE file)
     for when this namespace is loaded but not attached.
Flavors: r-devel-linux-x86_64-debian-clang, r-devel-linux-x86_64-debian-gcc, r-devel-linux-x86_64-fedora-clang, r-devel-linux-x86_64-fedora-gcc, r-devel-windows-x86_64, r-devel-windows-x86_64-gcc10-UCRT, r-patched-linux-x86_64, r-patched-solaris-x86, r-release-linux-x86_64, r-release-macos-arm64, r-release-macos-x86_64, r-release-windows-ix86+x86_64, r-oldrel-macos-x86_64, r-oldrel-windows-ix86+x86_64

Version: 0.8-0
Check: R code for possible problems
Result: NOTE
    fj_pl: no visible global function definition for 'getbasismatrix'
    fj_pl: no visible global function definition for 'create.bspline.basis'
    fj_pl: no visible global function definition for 'getbasispenalty'
    forward_backward.quantities : <anonymous>: no visible global function
     definition for 'dnorm'
    function_cases1AND2: no visible global function definition for 'dnorm'
    function_cases3AND4: no visible global function definition for 'dnorm'
    pij_iid: no visible global function definition for 'dnorm'
    pilj: no visible global function definition for 'dnorm'
    updateLambda: no visible global function definition for 'optimize'
    Undefined global functions or variables:
     create.bspline.basis dnorm getbasismatrix getbasispenalty optimize
    Consider adding
     importFrom("stats", "dnorm", "optimize")
    to your NAMESPACE file.
Flavors: r-devel-linux-x86_64-debian-clang, r-devel-linux-x86_64-debian-gcc, r-devel-linux-x86_64-fedora-clang, r-devel-linux-x86_64-fedora-gcc, r-devel-windows-x86_64, r-devel-windows-x86_64-gcc10-UCRT, r-patched-linux-x86_64, r-patched-solaris-x86, r-release-linux-x86_64, r-release-macos-arm64, r-release-macos-x86_64, r-release-windows-ix86+x86_64, r-oldrel-macos-x86_64, r-oldrel-windows-ix86+x86_64

Version: 0.8-0
Check: whether package can be installed
Result: WARN
    Found the following significant warnings:
     WARNING: installation-time patches will not be applied, could not get the patches index
Flavor: r-devel-windows-x86_64-gcc10-UCRT

Version: 0.8-0
Check: PDF version of manual
Result: WARN
    LaTeX errors when creating PDF version.
    This typically indicates Rd problems.
Flavor: r-devel-windows-x86_64-gcc10-UCRT

Version: 0.8-0
Check: PDF version of manual without hyperrefs or index
Result: ERROR
    Re-running with no redirection of stdout/stderr.
Flavor: r-devel-windows-x86_64-gcc10-UCRT