CRAN Package Check Results for Package swdft

Last updated on 2021-10-24 23:52:04 CEST.

Flavor Version Tinstall Tcheck Ttotal Status Flags
r-devel-linux-x86_64-debian-clang 1.0.0 3.41 222.91 226.32 NOTE
r-devel-linux-x86_64-debian-gcc 1.0.0 2.60 153.65 156.25 NOTE
r-devel-linux-x86_64-fedora-clang 1.0.0 259.94 NOTE
r-devel-linux-x86_64-fedora-gcc 1.0.0 260.20 NOTE
r-devel-windows-x86_64 1.0.0 7.00 186.00 193.00 NOTE
r-devel-windows-x86_64-gcc10-UCRT 1.0.0 NOTE
r-patched-linux-x86_64 1.0.0 3.58 212.60 216.18 NOTE
r-patched-solaris-x86 1.0.0 310.90 NOTE
r-release-linux-x86_64 1.0.0 2.97 209.52 212.49 NOTE
r-release-macos-arm64 1.0.0 NOTE
r-release-macos-x86_64 1.0.0 NOTE
r-release-windows-ix86+x86_64 1.0.0 6.00 258.00 264.00 NOTE
r-oldrel-macos-x86_64 1.0.0 OK
r-oldrel-windows-ix86+x86_64 1.0.0 7.00 276.00 283.00 OK

Check Details

Version: 1.0.0
Check: LazyData
Result: NOTE
     'LazyData' is specified without a 'data' directory
Flavors: r-devel-linux-x86_64-debian-clang, r-devel-linux-x86_64-debian-gcc, r-devel-linux-x86_64-fedora-clang, r-devel-linux-x86_64-fedora-gcc, r-devel-windows-x86_64, r-devel-windows-x86_64-gcc10-UCRT, r-patched-linux-x86_64, r-patched-solaris-x86, r-release-linux-x86_64, r-release-macos-arm64, r-release-macos-x86_64, r-release-windows-ix86+x86_64