Last updated on 2023-05-30 00:59:59 CEST.
Flavor | Version | Tinstall | Tcheck | Ttotal | Status | Flags |
---|---|---|---|---|---|---|
r-devel-linux-x86_64-debian-clang | 0.5.1 | 5.85 | 242.74 | 248.59 | OK | |
r-devel-linux-x86_64-debian-gcc | 0.5.1 | 4.76 | 160.40 | 165.16 | OK | |
r-devel-linux-x86_64-fedora-clang | 0.5.1 | 305.00 | NOTE | |||
r-devel-linux-x86_64-fedora-gcc | 0.5.1 | 308.31 | NOTE | |||
r-devel-windows-x86_64 | 0.5.1 | 8.00 | 154.00 | 162.00 | OK | |
r-patched-linux-x86_64 | 0.5.1 | 7.50 | 239.38 | 246.88 | OK | |
r-release-linux-x86_64 | 0.5.1 | 5.92 | 239.71 | 245.63 | OK | |
r-release-macos-arm64 | 0.5.1 | 103.00 | OK | |||
r-release-macos-x86_64 | 0.5.0 | 167.00 | OK | |||
r-release-windows-x86_64 | 0.5.1 | 7.00 | 233.00 | 240.00 | OK | |
r-oldrel-macos-arm64 | 0.5.1 | 70.00 | OK | |||
r-oldrel-macos-x86_64 | 0.5.1 | 118.00 | OK | |||
r-oldrel-windows-x86_64 | 0.5.1 | 8.00 | 234.00 | 242.00 | OK |
Version: 0.5.1
Check: data for non-ASCII characters
Result: NOTE
Note: found 12 marked UTF-8 strings
Flavors: r-devel-linux-x86_64-fedora-clang, r-devel-linux-x86_64-fedora-gcc