CRAN Package Check Results for Package svars

Last updated on 2021-09-19 23:50:38 CEST.

Flavor Version Tinstall Tcheck Ttotal Status Flags
r-devel-linux-x86_64-debian-clang 1.3.8 159.47 220.13 379.60 OK
r-devel-linux-x86_64-debian-gcc 1.3.8 109.62 157.36 266.98 OK
r-devel-linux-x86_64-fedora-clang 1.3.8 495.56 NOTE
r-devel-linux-x86_64-fedora-gcc 1.3.8 483.65 OK
r-devel-windows-x86_64 1.3.8 146.00 188.00 334.00 OK
r-devel-windows-x86_64-gcc10-UCRT 1.3.8 ERROR
r-patched-linux-x86_64 1.3.8 135.79 203.43 339.22 OK
r-patched-solaris-x86 1.3.8 478.10 OK
r-release-linux-x86_64 1.3.8 127.71 201.81 329.52 OK
r-release-macos-arm64 1.3.8 NOTE
r-release-macos-x86_64 1.3.8 NOTE
r-release-windows-ix86+x86_64 1.3.8 350.00 268.00 618.00 OK
r-oldrel-macos-x86_64 1.3.8 NOTE
r-oldrel-windows-ix86+x86_64 1.3.8 349.00 271.00 620.00 OK

Check Details

Version: 1.3.8
Check: installed package size
Result: NOTE
     installed size is 8.4Mb
     sub-directories of 1Mb or more:
     help 1.1Mb
     libs 6.6Mb
Flavors: r-devel-linux-x86_64-fedora-clang, r-release-macos-arm64, r-release-macos-x86_64, r-oldrel-macos-x86_64

Version: 1.3.8
Check: whether package can be installed
Result: ERROR
    Installation failed.
Flavor: r-devel-windows-x86_64-gcc10-UCRT