CRAN Package Check Results for Package svKomodo

Last updated on 2022-01-21 23:49:03 CET.

Flavor Version Tinstall Tcheck Ttotal Status Flags
r-devel-linux-x86_64-debian-clang 0.9-63 2.08 35.18 37.26 NOTE
r-devel-linux-x86_64-debian-gcc 0.9-63 2.15 26.70 28.85 NOTE
r-devel-linux-x86_64-fedora-clang 0.9-63 46.11 NOTE
r-devel-linux-x86_64-fedora-gcc 0.9-63 34.50 NOTE
r-devel-windows-x86_64-new-UL 0.9-63 21.00 53.00 74.00 NOTE
r-devel-windows-x86_64-new-TK 0.9-63 NOTE
r-patched-linux-x86_64 0.9-63 2.23 34.66 36.89 NOTE
r-release-linux-x86_64 0.9-63 2.05 32.43 34.48 NOTE
r-release-macos-arm64 0.9-63 NOTE
r-release-macos-x86_64 0.9-63 NOTE
r-release-windows-ix86+x86_64 0.9-63 6.00 41.00 47.00 NOTE
r-oldrel-macos-x86_64 0.9-63 NOTE
r-oldrel-windows-ix86+x86_64 0.9-63 6.00 43.00 49.00 NOTE

Check Details

Version: 0.9-63
Check: DESCRIPTION meta-information
Result: NOTE
    Malformed Description field: should contain one or more complete sentences.
Flavors: r-devel-linux-x86_64-debian-clang, r-devel-linux-x86_64-debian-gcc, r-devel-linux-x86_64-fedora-clang, r-devel-linux-x86_64-fedora-gcc, r-devel-windows-x86_64-new-UL, r-devel-windows-x86_64-new-TK, r-patched-linux-x86_64, r-release-linux-x86_64, r-release-macos-arm64, r-release-macos-x86_64, r-release-windows-ix86+x86_64, r-oldrel-macos-x86_64, r-oldrel-windows-ix86+x86_64

Version: 0.9-63
Check: R code for possible problems
Result: NOTE
    .onAttach : svBrowser: no visible global function definition for
     'browseURL'
    .onAttach: no visible global function definition for 'loadhistory'
    Undefined global functions or variables:
     browseURL loadhistory
    Consider adding
     importFrom("utils", "browseURL", "loadhistory")
    to your NAMESPACE file.
Flavors: r-devel-linux-x86_64-debian-clang, r-devel-linux-x86_64-debian-gcc, r-devel-linux-x86_64-fedora-clang, r-devel-linux-x86_64-fedora-gcc, r-devel-windows-x86_64-new-UL, r-devel-windows-x86_64-new-TK, r-patched-linux-x86_64, r-release-linux-x86_64, r-release-macos-arm64, r-release-macos-x86_64, r-release-windows-ix86+x86_64, r-oldrel-macos-x86_64, r-oldrel-windows-ix86+x86_64