CRAN Package Check Results for Package svHttp

Last updated on 2022-01-26 23:50:34 CET.

Flavor Version Tinstall Tcheck Ttotal Status Flags
r-devel-linux-x86_64-debian-clang 0.9-55 2.27 32.21 34.48 NOTE
r-devel-linux-x86_64-debian-gcc 0.9-55 1.51 25.36 26.87 NOTE
r-devel-linux-x86_64-fedora-clang 0.9-55 43.67 NOTE
r-devel-linux-x86_64-fedora-gcc 0.9-55 31.74 NOTE
r-devel-windows-x86_64-new-UL 0.9-55 19.00 48.00 67.00 NOTE
r-devel-windows-x86_64-new-TK 0.9-55 NOTE
r-patched-linux-x86_64 0.9-55 1.62 32.26 33.88 NOTE
r-release-linux-x86_64 0.9-55 1.76 31.72 33.48 NOTE
r-release-macos-arm64 0.9-55 NOTE
r-release-macos-x86_64 0.9-55 NOTE
r-release-windows-ix86+x86_64 0.9-55 5.00 40.00 45.00 NOTE
r-oldrel-macos-x86_64 0.9-55 NOTE
r-oldrel-windows-ix86+x86_64 0.9-55 4.00 41.00 45.00 NOTE

Check Details

Version: 0.9-55
Check: DESCRIPTION meta-information
Result: NOTE
    Malformed Description field: should contain one or more complete sentences.
Flavors: r-devel-linux-x86_64-debian-clang, r-devel-linux-x86_64-debian-gcc, r-devel-linux-x86_64-fedora-clang, r-devel-linux-x86_64-fedora-gcc, r-devel-windows-x86_64-new-UL, r-devel-windows-x86_64-new-TK, r-patched-linux-x86_64, r-release-linux-x86_64, r-release-macos-arm64, r-release-macos-x86_64, r-release-windows-ix86+x86_64, r-oldrel-macos-x86_64, r-oldrel-windows-ix86+x86_64

Version: 0.9-55
Check: R code for possible problems
Result: NOTE
    startHttpServer : <anonymous> : Rjsonp: no visible global function
     definition for 'localeToCharset'
    Undefined global functions or variables:
     localeToCharset
    Consider adding
     importFrom("utils", "localeToCharset")
    to your NAMESPACE file.
Flavors: r-devel-linux-x86_64-debian-clang, r-devel-linux-x86_64-debian-gcc, r-devel-linux-x86_64-fedora-clang, r-devel-linux-x86_64-fedora-gcc, r-devel-windows-x86_64-new-UL, r-devel-windows-x86_64-new-TK, r-patched-linux-x86_64, r-release-linux-x86_64, r-release-macos-arm64, r-release-macos-x86_64, r-release-windows-ix86+x86_64, r-oldrel-macos-x86_64, r-oldrel-windows-ix86+x86_64