CRAN Package Check Results for Package susographql

Last updated on 2024-06-17 00:50:13 CEST.

Flavor Version Tinstall Tcheck Ttotal Status Flags
r-devel-linux-x86_64-debian-clang 0.1.6 2.87 32.83 35.70 OK
r-devel-linux-x86_64-debian-gcc 0.1.6 2.05 24.54 26.59 OK
r-devel-linux-x86_64-fedora-clang 0.1.6 45.42 NOTE
r-devel-linux-x86_64-fedora-gcc 0.1.6 44.13 NOTE
r-devel-windows-x86_64 0.1.6 4.00 48.00 52.00 OK
r-patched-linux-x86_64 0.1.6 4.00 31.70 35.70 OK
r-release-linux-x86_64 0.1.6 2.16 30.86 33.02 OK
r-release-macos-arm64 0.1.6 18.00 OK
r-release-macos-x86_64 0.1.6 26.00 OK
r-release-windows-x86_64 0.1.6 5.00 53.00 58.00 OK
r-oldrel-macos-arm64 0.1.6 24.00 OK
r-oldrel-macos-x86_64 0.1.6 37.00 OK
r-oldrel-windows-x86_64 0.1.6 6.00 54.00 60.00 OK

Check Details

Version: 0.1.6
Check: dependencies in R code
Result: NOTE Namespaces in Imports field not imported from: ‘jsonlite’ ‘readr’ ‘stringr’ All declared Imports should be used. Flavors: r-devel-linux-x86_64-fedora-clang, r-devel-linux-x86_64-fedora-gcc