CRAN Package Check Results for Package surveyplanning

Last updated on 2024-07-21 00:56:31 CEST.

Flavor Version Tinstall Tcheck Ttotal Status Flags
r-devel-linux-x86_64-debian-clang 4.0 4.65 37.32 41.97 NOTE
r-devel-linux-x86_64-debian-gcc 4.0 3.34 28.47 31.81 NOTE
r-devel-linux-x86_64-fedora-clang 4.0 56.02 NOTE
r-devel-linux-x86_64-fedora-gcc 4.0 48.88 NOTE
r-devel-windows-x86_64 4.0 6.00 50.00 56.00 NOTE
r-patched-linux-x86_64 4.0 5.06 35.74 40.80 NOTE
r-release-linux-x86_64 4.0 3.47 35.85 39.32 NOTE
r-release-macos-arm64 4.0 18.00 NOTE
r-release-macos-x86_64 4.0 28.00 NOTE
r-release-windows-x86_64 4.0 5.00 50.00 55.00 NOTE
r-oldrel-macos-arm64 4.0 20.00 NOTE
r-oldrel-macos-x86_64 4.0 28.00 NOTE
r-oldrel-windows-x86_64 4.0 4.00 54.00 58.00 NOTE

Check Details

Version: 4.0
Check: Rd files
Result: NOTE checkRd: (-1) MoE_P.Rd:22: Lost braces 22 | \item{confidence}{Optional}{positive value for confidence interval. This variable by default is 0.95.} | ^ checkRd: (-1) prop_dom_optimal_allocation.Rd:24: Lost braces 24 | \item{Dom}{Variables}{used to define population domains. An object convertible to \code{data.table} or variable names as character vector, column numbers.} | ^ checkRd: (-1) prop_dom_optimal_allocation.Rd:26: Lost braces 26 | \item{pop}{The}{population size in each stratum.} | ^ checkRd: (-1) prop_dom_optimal_allocation.Rd:28: Lost braces 28 | \item{R}{The}{expected response rate in each stratum (optional). If not defined, it is assumed to be 1 in each stratum (full-response). Object convertible to one-column \code{data.table}, variable name as character, or column number.} | ^ checkRd: (-1) prop_dom_optimal_allocation.Rd:30: Lost braces 30 | \item{deff}{The}{expected design effect for the estimate of variable (optional). If not defined, it is assumed to be 1 for each variable in each stratum. If is defined, then variables is defined the same arrangement as \code{Yh}. Object convertible to \code{data.table}, variable name as character vector, or column numbers.} | ^ checkRd: (-1) prop_dom_optimal_allocation.Rd:32: Lost braces 32 | \item{se_max}{Variable}{for maximum standarterror (se) in domain.} | ^ checkRd: (-1) prop_dom_optimal_allocation.Rd:34: Lost braces 34 | \item{prop}{The}{excepted ratio proportion.} | ^ checkRd: (-1) prop_dom_optimal_allocation.Rd:36: Lost braces 36 | \item{min_size}{A}{numeric value for minimal sample size.} | ^ checkRd: (-1) prop_dom_optimal_allocation.Rd:38: Lost braces 38 | \item{step}{A}{value for pace.} | ^ checkRd: (-1) prop_dom_optimal_allocation.Rd:40: Lost braces 40 | \item{unit_level}{A}{logical value, if dataset is prepared for unit level then value TRUE, othercase FALSE.} | ^ checkRd: (-1) prop_dom_optimal_allocation.Rd:42: Lost braces 42 | \item{dataset}{Optional}{agrregated survey data object convertible to \code{data.table} with one row for each stratum.} | ^ Flavors: r-devel-linux-x86_64-debian-clang, r-devel-linux-x86_64-debian-gcc, r-devel-linux-x86_64-fedora-clang, r-devel-linux-x86_64-fedora-gcc, r-devel-windows-x86_64, r-patched-linux-x86_64, r-release-linux-x86_64, r-release-macos-arm64, r-release-macos-x86_64, r-release-windows-x86_64

Version: 4.0
Check: LazyData
Result: NOTE 'LazyData' is specified without a 'data' directory Flavors: r-devel-linux-x86_64-debian-clang, r-devel-linux-x86_64-debian-gcc, r-devel-linux-x86_64-fedora-clang, r-devel-linux-x86_64-fedora-gcc, r-devel-windows-x86_64, r-patched-linux-x86_64, r-release-linux-x86_64, r-release-macos-arm64, r-release-macos-x86_64, r-release-windows-x86_64, r-oldrel-macos-arm64, r-oldrel-macos-x86_64, r-oldrel-windows-x86_64