Last updated on 2023-06-07 01:03:39 CEST.
Flavor | Version | Tinstall | Tcheck | Ttotal | Status | Flags |
---|---|---|---|---|---|---|
r-devel-linux-x86_64-debian-clang | 2.0.1 | 17.97 | 274.46 | 292.43 | NOTE | |
r-devel-linux-x86_64-debian-gcc | 2.0.1 | 17.84 | 202.75 | 220.59 | NOTE | |
r-devel-linux-x86_64-fedora-clang | 2.0.1 | 371.24 | NOTE | |||
r-devel-linux-x86_64-fedora-gcc | 2.0.1 | 351.59 | NOTE | |||
r-devel-windows-x86_64 | 2.0.1 | 19.00 | 185.00 | 204.00 | NOTE | |
r-patched-linux-x86_64 | 2.0.1 | 17.10 | 257.58 | 274.68 | NOTE | |
r-release-linux-x86_64 | 2.0.1 | 18.91 | 259.07 | 277.98 | NOTE | |
r-release-macos-arm64 | 2.0.1 | 99.00 | NOTE | |||
r-release-macos-x86_64 | 2.0.1 | 152.00 | NOTE | |||
r-release-windows-x86_64 | 2.0.1 | 24.00 | 258.00 | 282.00 | NOTE | |
r-oldrel-macos-arm64 | 2.0.1 | 69.00 | NOTE | |||
r-oldrel-macos-x86_64 | 2.0.1 | 122.00 | NOTE | |||
r-oldrel-windows-x86_64 | 2.0.1 | 23.00 | 262.00 | 285.00 | NOTE |
Version: 2.0.1
Check: package dependencies
Result: NOTE
Packages suggested but not available for checking:
'survHEinla', 'survHEhmc', 'INLA'
Flavors: r-devel-linux-x86_64-debian-clang, r-devel-linux-x86_64-debian-gcc, r-devel-windows-x86_64, r-patched-linux-x86_64, r-release-linux-x86_64, r-release-macos-arm64, r-release-windows-x86_64, r-oldrel-macos-arm64, r-oldrel-macos-x86_64, r-oldrel-windows-x86_64
Version: 2.0.1
Check: package dependencies
Result: NOTE
Packages suggested but not available for checking:
'survHEinla', 'survHEhmc'
Flavors: r-devel-linux-x86_64-fedora-clang, r-devel-linux-x86_64-fedora-gcc
Version: 2.0.1
Check: package dependencies
Result: NOTE
Packages suggested but not available for checking:
'survHEinla', 'survHEhmc', 'INLA', 'rstan'
Flavor: r-release-macos-x86_64