CRAN Package Check Results for Package survHE

Last updated on 2021-12-08 23:49:32 CET.

Flavor Version Tinstall Tcheck Ttotal Status Flags
r-devel-linux-x86_64-debian-clang 1.1.2 1096.31 262.28 1358.59 NOTE
r-devel-linux-x86_64-debian-gcc 1.1.2 860.79 258.23 1119.02 NOTE
r-devel-linux-x86_64-fedora-clang 1.1.2 2074.83 NOTE
r-devel-linux-x86_64-fedora-gcc 1.1.2 2218.16 NOTE
r-devel-windows-x86_64-new-UL 1.1.2 897.00 416.00 1313.00 NOTE
r-devel-windows-x86_64-new-TK 1.1.2 NOTE
r-devel-windows-x86_64-old 1.1.2 1346.00 271.00 1617.00 NOTE
r-patched-linux-x86_64 1.1.2 1060.76 310.69 1371.45 NOTE
r-release-linux-x86_64 1.1.2 1037.75 312.10 1349.85 NOTE
r-release-macos-arm64 1.1.2 NOTE
r-release-macos-x86_64 1.1.2 NOTE
r-release-windows-ix86+x86_64 1.1.2 2033.00 501.00 2534.00 NOTE
r-oldrel-macos-x86_64 1.1.2 NOTE
r-oldrel-windows-ix86+x86_64 1.1.2 2607.00 502.00 3109.00 NOTE

Check Details

Version: 1.1.2
Check: package dependencies
Result: NOTE
    Package suggested but not available for checking: 'INLA'
Flavors: r-devel-linux-x86_64-debian-clang, r-devel-linux-x86_64-debian-gcc, r-devel-windows-x86_64-new-UL, r-devel-windows-x86_64-new-TK, r-patched-linux-x86_64, r-release-linux-x86_64, r-release-macos-arm64, r-release-macos-x86_64, r-oldrel-macos-x86_64

Version: 1.1.2
Check: for GNU extensions in Makefiles
Result: NOTE
    GNU make is a SystemRequirements.
Flavors: r-devel-linux-x86_64-debian-clang, r-devel-linux-x86_64-debian-gcc, r-devel-linux-x86_64-fedora-clang, r-devel-linux-x86_64-fedora-gcc, r-devel-windows-x86_64-new-UL, r-devel-windows-x86_64-new-TK, r-devel-windows-x86_64-old, r-patched-linux-x86_64, r-release-linux-x86_64, r-release-macos-arm64, r-release-macos-x86_64, r-release-windows-ix86+x86_64, r-oldrel-macos-x86_64, r-oldrel-windows-ix86+x86_64

Version: 1.1.2
Check: installed package size
Result: NOTE
     installed size is 126.6Mb
     sub-directories of 1Mb or more:
     libs 125.7Mb
Flavors: r-devel-linux-x86_64-fedora-clang, r-devel-windows-x86_64-new-UL, r-devel-windows-x86_64-old, r-release-macos-arm64, r-release-macos-x86_64, r-release-windows-ix86+x86_64, r-oldrel-macos-x86_64, r-oldrel-windows-ix86+x86_64

Version: 1.1.2
Check: line endings in C/C++/Fortran sources/headers
Result: NOTE
    Found the following sources/headers with CR or CRLF line endings:
     src/stan_files/Exponential.hpp
     src/stan_files/Gamma.hpp
     src/stan_files/GenF.hpp
     src/stan_files/GenGamma.hpp
     src/stan_files/Gompertz.hpp
     src/stan_files/PolyWeibull.hpp
     src/stan_files/RP.hpp
     src/stan_files/WeibullAF.hpp
     src/stan_files/WeibullPH.hpp
     src/stan_files/logLogistic.hpp
     src/stan_files/logNormal.hpp
    Some Unix compilers require LF line endings.
Flavor: r-devel-windows-x86_64-new-TK