Last updated on 2023-02-08 00:03:41 CET.
Flavor | Version | Tinstall | Tcheck | Ttotal | Status | Flags |
---|---|---|---|---|---|---|
r-devel-linux-x86_64-debian-clang | 0.1.2 | 85.24 | 75.89 | 161.13 | NOTE | |
r-devel-linux-x86_64-debian-gcc | 0.1.2 | 69.59 | 56.15 | 125.74 | NOTE | |
r-devel-linux-x86_64-fedora-clang | 0.1.2 | 226.68 | NOTE | |||
r-devel-linux-x86_64-fedora-gcc | 0.1.2 | 226.09 | NOTE | |||
r-devel-windows-x86_64 | 0.1.2 | 80.00 | 118.00 | 198.00 | NOTE | |
r-patched-linux-x86_64 | 0.1.2 | 66.54 | 69.26 | 135.80 | OK | |
r-release-linux-x86_64 | 0.1.2 | 68.32 | 75.27 | 143.59 | OK | |
r-release-macos-arm64 | 0.1.2 | 63.00 | OK | |||
r-release-macos-x86_64 | 0.1.2 | 68.00 | OK | |||
r-release-windows-x86_64 | 0.1.2 | 77.00 | 125.00 | 202.00 | OK | |
r-oldrel-macos-arm64 | 0.1.2 | 59.00 | OK | |||
r-oldrel-macos-x86_64 | 0.1.2 | 100.00 | OK | |||
r-oldrel-windows-ix86+x86_64 | 0.1.2 | 205.00 | 132.00 | 337.00 | OK |
Version: 0.1.2
Check: C++ specification
Result: NOTE
Specified C++11: please update to current default of C++17
Flavors: r-devel-linux-x86_64-debian-clang, r-devel-linux-x86_64-debian-gcc, r-devel-windows-x86_64
Version: 0.1.2
Check: C++ specification
Result: NOTE
Specified C++11: please drop specification unless essential
Flavors: r-devel-linux-x86_64-fedora-clang, r-devel-linux-x86_64-fedora-gcc