CRAN Package Check Results for Package support.CEs

Last updated on 2021-11-28 23:50:42 CET.

Flavor Version Tinstall Tcheck Ttotal Status Flags
r-devel-linux-x86_64-debian-clang 0.5-0 OK
r-devel-linux-x86_64-debian-gcc 0.5-0 2.71 34.55 37.26 OK
r-devel-linux-x86_64-fedora-clang 0.5-0 68.06 NOTE
r-devel-linux-x86_64-fedora-gcc 0.5-0 55.17 OK
r-devel-windows-x86_64-new-UL 0.5-0 9.00 86.00 95.00 OK
r-devel-windows-x86_64-new-TK 0.5-0 OK
r-devel-windows-x86_64-old 0.5-0 6.00 65.00 71.00 OK
r-patched-linux-x86_64 0.5-0 4.18 40.03 44.21 OK
r-patched-solaris-x86 0.5-0 87.30 OK
r-release-linux-x86_64 0.5-0 4.13 39.79 43.92 OK
r-release-macos-arm64 0.5-0 OK
r-release-macos-x86_64 0.5-0 OK
r-release-windows-ix86+x86_64 0.5-0 9.00 48.00 57.00 OK
r-oldrel-macos-x86_64 0.5-0 OK
r-oldrel-windows-ix86+x86_64 0.5-0 8.00 67.00 75.00 OK

Check Details

Version: 0.5-0
Check: Rd cross-references
Result: NOTE
    Undeclared package ‘mded’ in Rd xrefs
Flavor: r-devel-linux-x86_64-fedora-clang