CRAN Package Check Results for Package supernova

Last updated on 2021-09-22 23:50:21 CEST.

Flavor Version Tinstall Tcheck Ttotal Status Flags
r-devel-linux-x86_64-debian-clang 2.4.2 5.38 84.76 90.14 OK
r-devel-linux-x86_64-debian-gcc 2.4.2 4.98 61.35 66.33 OK
r-devel-linux-x86_64-fedora-clang 2.4.2 110.83 NOTE
r-devel-linux-x86_64-fedora-gcc 2.4.2 99.59 NOTE
r-devel-windows-x86_64 2.4.2 8.00 80.00 88.00 OK
r-devel-windows-x86_64-gcc10-UCRT 2.4.2 ERROR
r-patched-linux-x86_64 2.4.2 11.20 78.24 89.44 OK
r-patched-solaris-x86 2.4.2 154.10 NOTE
r-release-linux-x86_64 2.4.2 5.24 78.29 83.53 OK
r-release-macos-arm64 2.4.2 NOTE
r-release-macos-x86_64 2.4.2 NOTE
r-release-windows-ix86+x86_64 2.4.2 15.00 82.00 97.00 OK
r-oldrel-macos-x86_64 2.4.2 NOTE
r-oldrel-windows-ix86+x86_64 2.4.2 11.00 80.00 91.00 OK

Check Details

Version: 2.4.2
Check: dependencies in R code
Result: NOTE
    Namespaces in Imports field not imported from:
     ‘backports’ ‘methods’
     All declared Imports should be used.
Flavors: r-devel-linux-x86_64-fedora-clang, r-devel-linux-x86_64-fedora-gcc, r-devel-windows-x86_64-gcc10-UCRT, r-patched-solaris-x86, r-release-macos-arm64, r-release-macos-x86_64, r-oldrel-macos-x86_64

Version: 2.4.2
Check: package dependencies
Result: NOTE
    Packages suggested but not available for checking: 'lintr', 'vdiffr'
Flavor: r-devel-windows-x86_64-gcc10-UCRT

Version: 2.4.2
Check: tests
Result: ERROR
     Running 'testthat.R'
    Running the tests in 'tests/testthat.R' failed.
    Complete output:
     > library(testthat)
     > library(supernova)
     >
     > test_check("supernova")
     ══ Skipped tests ═══════════════════════════════════════════════════════════════
     • On CRAN (9)
    
     ══ Failed tests ════════════════════════════════════════════════════════════════
     ── Error (test-pairwise.R:94:3): each type of comparisons object plots well ────
     Error: there is no package called 'vdiffr'
     Backtrace:
     █
     1. └─base::loadNamespace(x) test-pairwise.R:94:2
     2. └─base::withRestarts(stop(cond), retry_loadNamespace = function() NULL)
     3. └─base:::withOneRestart(expr, restarts[[1L]])
     4. └─base:::doWithOneRestart(return(expr), restart)
     ── Error (test-pairwise.R:106:3): a separate plot is created for each term in the model ──
     Error: there is no package called 'vdiffr'
     Backtrace:
     █
     1. └─base::loadNamespace(x) test-pairwise.R:106:2
     2. └─base::withRestarts(stop(cond), retry_loadNamespace = function() NULL)
     3. └─base:::withOneRestart(expr, restarts[[1L]])
     4. └─base:::doWithOneRestart(return(expr), restart)
    
     [ FAIL 2 | WARN 0 | SKIP 9 | PASS 264 ]
     Deleting unused snapshots:
     * _snaps/pairwise/bonferroni-one-variable.svg
     * _snaps/pairwise/multiple-plots-raceethnic.svg
     * _snaps/pairwise/multiple-plots-sex-raceethnic.svg
     * _snaps/pairwise/multiple-plots-sex.svg
     * _snaps/pairwise/t-test-one-variable.svg
     * _snaps/pairwise/tukey-one-variable.svg
     Error: Test failures
     Execution halted
Flavor: r-devel-windows-x86_64-gcc10-UCRT

Version: 2.4.2
Check: PDF version of manual
Result: WARN
    LaTeX errors when creating PDF version.
    This typically indicates Rd problems.
Flavor: r-devel-windows-x86_64-gcc10-UCRT

Version: 2.4.2
Check: PDF version of manual without hyperrefs or index
Result: ERROR
    Re-running with no redirection of stdout/stderr.
Flavor: r-devel-windows-x86_64-gcc10-UCRT