CRAN Package Check Results for Package sunburstR

Last updated on 2024-06-22 00:58:10 CEST.

Flavor Version Tinstall Tcheck Ttotal Status Flags
r-devel-linux-x86_64-debian-clang 2.1.8 3.59 55.10 58.69 NOTE
r-devel-linux-x86_64-debian-gcc 2.1.8 2.79 41.50 44.29 NOTE
r-devel-linux-x86_64-fedora-clang 2.1.8 73.32 NOTE
r-devel-linux-x86_64-fedora-gcc 2.1.8 80.56 NOTE
r-devel-windows-x86_64 2.1.8 5.00 66.00 71.00 NOTE
r-patched-linux-x86_64 2.1.8 3.62 52.47 56.09 NOTE
r-release-linux-x86_64 2.1.8 3.65 52.93 56.58 NOTE
r-release-macos-arm64 2.1.8 33.00 NOTE
r-release-macos-x86_64 2.1.8 48.00 NOTE
r-release-windows-x86_64 2.1.8 5.00 72.00 77.00 NOTE
r-oldrel-macos-arm64 2.1.8 33.00 OK
r-oldrel-macos-x86_64 2.1.8 45.00 OK
r-oldrel-windows-x86_64 2.1.8 5.00 74.00 79.00 OK

Check Details

Version: 2.1.8
Check: Rd files
Result: NOTE checkRd: (-1) sunburst.Rd:30: Lost braces; missing escapes or markup? 30 | nested d3 JSON hierarchy with `{name:..., children:[];}`. \code{csvdata} | ^ checkRd: (-1) sunburst.Rd:88: Lost braces; missing escapes or markup? 88 | \item{jsondata}{\code{deprecated} use data argument instead; data in nested d3 JSON hierarchy with `{name:..., children:[];}`} | ^ checkRd: (-1) sund2b.Rd:22: Lost braces; missing escapes or markup? 22 | nested d3 JSON hierarchy with `{name:..., children:[];}`. \code{list}, \code{character}, | ^ Flavors: r-devel-linux-x86_64-debian-clang, r-devel-linux-x86_64-debian-gcc, r-devel-linux-x86_64-fedora-clang, r-devel-linux-x86_64-fedora-gcc, r-devel-windows-x86_64, r-patched-linux-x86_64, r-release-linux-x86_64, r-release-macos-arm64, r-release-macos-x86_64, r-release-windows-x86_64