Last updated on 2023-05-30 00:59:59 CEST.
Flavor | Version | Tinstall | Tcheck | Ttotal | Status | Flags |
---|---|---|---|---|---|---|
r-devel-linux-x86_64-debian-clang | 1.0.1 | 18.18 | 128.64 | 146.82 | OK | |
r-devel-linux-x86_64-debian-gcc | 1.0.1 | 14.81 | 94.01 | 108.82 | OK | |
r-devel-linux-x86_64-fedora-clang | 1.0.1 | 186.20 | NOTE | |||
r-devel-linux-x86_64-fedora-gcc | 1.0.1 | 184.39 | NOTE | |||
r-devel-windows-x86_64 | 1.0.1 | 17.00 | 111.00 | 128.00 | OK | |
r-patched-linux-x86_64 | 1.0.1 | 18.05 | 121.13 | 139.18 | OK | |
r-release-linux-x86_64 | 1.0.1 | 18.29 | 119.02 | 137.31 | OK | |
r-release-macos-arm64 | 1.0.1 | 57.00 | OK | |||
r-release-macos-x86_64 | 1.0.1 | 107.00 | OK | |||
r-release-windows-x86_64 | 1.0.1 | 20.00 | 130.00 | 150.00 | OK | |
r-oldrel-macos-arm64 | 1.0.1 | 72.00 | NOTE | |||
r-oldrel-macos-x86_64 | 1.0.1 | 104.00 | NOTE | |||
r-oldrel-windows-x86_64 | 1.0.1 | 21.00 | 130.00 | 151.00 | OK |
Version: 1.0.1
Check: data for non-ASCII characters
Result: NOTE
Note: found 78 marked UTF-8 strings
Flavors: r-devel-linux-x86_64-fedora-clang, r-devel-linux-x86_64-fedora-gcc, r-oldrel-macos-arm64, r-oldrel-macos-x86_64