CRAN Package Check Results for Package sublime

Last updated on 2021-05-15 23:49:31 CEST.

Flavor Version Tinstall Tcheck Ttotal Status Flags
r-devel-linux-x86_64-debian-clang 1.3 5.77 51.43 57.20 OK
r-devel-linux-x86_64-debian-gcc 1.3 4.60 39.79 44.39 OK
r-devel-linux-x86_64-fedora-clang 1.3 81.79 OK
r-devel-linux-x86_64-fedora-gcc 1.3 69.80 OK
r-devel-windows-ix86+x86_64 1.3 15.00 50.00 65.00 OK
r-devel-windows-x86_64-gcc10-UCRT 1.3 OK
r-patched-linux-x86_64 1.3 9.21 49.42 58.63 OK
r-patched-solaris-x86 1.3 100.40 OK
r-release-linux-x86_64 1.3 5.73 47.96 53.69 OK
r-release-macos-x86_64 1.3 OK
r-release-windows-ix86+x86_64 1.3 9.00 75.00 84.00 OK
r-oldrel-macos-x86_64 1.3 FAIL
r-oldrel-windows-ix86+x86_64 1.3 9.00 66.00 75.00 OK

Check Details

Version: 1.3
Check: whether package can be installed
Result: FAIL
Flavor: r-oldrel-macos-x86_64