CRAN Package Check Results for Package stylest

Last updated on 2021-10-24 23:52:04 CEST.

Flavor Version Tinstall Tcheck Ttotal Status Flags
r-devel-linux-x86_64-debian-clang 0.2.0 7.79 67.23 75.02 OK
r-devel-linux-x86_64-debian-gcc 0.2.0 6.28 52.09 58.37 OK
r-devel-linux-x86_64-fedora-clang 0.2.0 100.66 NOTE
r-devel-linux-x86_64-fedora-gcc 0.2.0 90.57 NOTE
r-devel-windows-x86_64 0.2.0 11.00 69.00 80.00 OK
r-devel-windows-x86_64-gcc10-UCRT 0.2.0 NOTE
r-patched-linux-x86_64 0.2.0 7.63 65.45 73.08 OK
r-patched-solaris-x86 0.2.0 140.60 NOTE
r-release-linux-x86_64 0.2.0 6.27 64.67 70.94 OK
r-release-macos-arm64 0.2.0 NOTE
r-release-macos-x86_64 0.2.0 NOTE
r-release-windows-ix86+x86_64 0.2.0 11.00 92.00 103.00 OK
r-oldrel-macos-x86_64 0.2.0 NOTE
r-oldrel-windows-ix86+x86_64 0.2.0 19.00 90.00 109.00 OK

Check Details

Version: 0.2.0
Check: data for non-ASCII characters
Result: NOTE
     Note: found 2 marked UTF-8 strings
Flavors: r-devel-linux-x86_64-fedora-clang, r-devel-linux-x86_64-fedora-gcc, r-devel-windows-x86_64-gcc10-UCRT, r-patched-solaris-x86, r-release-macos-arm64, r-release-macos-x86_64, r-oldrel-macos-x86_64