CRAN Package Check Results for Package strucchangeRcpp

Last updated on 2021-09-26 23:49:54 CEST.

Flavor Version Tinstall Tcheck Ttotal Status Flags
r-devel-linux-x86_64-debian-clang 1.5-3-1.0.3 105.53 95.72 201.25 OK
r-devel-linux-x86_64-debian-gcc 1.5-3-1.0.3 71.91 72.11 144.02 OK
r-devel-linux-x86_64-fedora-clang 1.5-3-1.0.3 280.98 OK
r-devel-linux-x86_64-fedora-gcc 1.5-3-1.0.3 247.53 OK
r-devel-windows-x86_64 1.5-3-1.0.3 98.00 97.00 195.00 OK
r-devel-windows-x86_64-gcc10-UCRT 1.5-3-1.0.3 OK
r-patched-linux-x86_64 1.5-3-1.0.3 85.31 94.13 179.44 OK
r-patched-solaris-x86 1.5-3-1.0.3 260.20 OK
r-release-linux-x86_64 1.5-3-1.0.3 82.77 93.71 176.48 OK
r-release-macos-arm64 1.5-3-1.0.3 NOTE
r-release-macos-x86_64 1.5-3-1.0.3 NOTE
r-release-windows-ix86+x86_64 1.5-3-1.0.3 246.00 118.00 364.00 OK
r-oldrel-macos-x86_64 1.5-3-1.0.3 NOTE
r-oldrel-windows-ix86+x86_64 1.5-3-1.0.3 177.00 116.00 293.00 OK

Check Details

Version: 1.5-3-1.0.3
Check: installed package size
Result: NOTE
     installed size is 6.2Mb
     sub-directories of 1Mb or more:
     libs 4.9Mb
Flavors: r-release-macos-arm64, r-release-macos-x86_64, r-oldrel-macos-x86_64