Last updated on 2023-03-24 00:51:44 CET.
Flavor | Version | Tinstall | Tcheck | Ttotal | Status | Flags |
---|---|---|---|---|---|---|
r-devel-linux-x86_64-debian-clang | 1.5.0 | 4.97 | 62.66 | 67.63 | OK | |
r-devel-linux-x86_64-debian-gcc | 1.5.0 | 4.17 | 48.31 | 52.48 | OK | |
r-devel-linux-x86_64-fedora-clang | 1.5.0 | 87.17 | NOTE | |||
r-devel-linux-x86_64-fedora-gcc | 1.5.0 | 91.56 | OK | |||
r-patched-linux-x86_64 | 1.5.0 | 9.04 | 59.47 | 68.51 | OK | |
r-release-linux-x86_64 | 1.5.0 | 5.31 | 59.93 | 65.24 | OK | |
r-release-macos-arm64 | 1.5.0 | 27.00 | OK | |||
r-release-macos-x86_64 | 1.5.0 | 40.00 | OK | |||
r-release-windows-x86_64 | 1.5.0 | 69.00 | 103.00 | 172.00 | OK | |
r-oldrel-macos-arm64 | 1.5.0 | 32.00 | OK | |||
r-oldrel-macos-x86_64 | 1.5.0 | 48.00 | OK | |||
r-oldrel-windows-ix86+x86_64 | 1.5.0 | 11.00 | 95.00 | 106.00 | OK |
Version: 1.5.0
Check: Rd cross-references
Result: NOTE
Undeclared package ‘dplyr’ in Rd xrefs
Flavor: r-devel-linux-x86_64-fedora-clang