CRAN Package Check Results for Package stringb

Last updated on 2022-01-17 23:51:38 CET.

Flavor Version Tinstall Tcheck Ttotal Status Flags
r-devel-linux-x86_64-debian-clang 0.1.17 2.82 38.98 41.80 NOTE
r-devel-linux-x86_64-debian-gcc 0.1.17 3.02 29.84 32.86 NOTE
r-devel-linux-x86_64-fedora-clang 0.1.17 52.38 NOTE
r-devel-linux-x86_64-fedora-gcc 0.1.17 40.35 NOTE
r-devel-windows-x86_64-new-UL 0.1.17 88.00 59.00 147.00 NOTE
r-devel-windows-x86_64-new-TK 0.1.17 NOTE
r-patched-linux-x86_64 0.1.17 4.28 37.32 41.60 NOTE
r-release-linux-x86_64 0.1.17 NOTE
r-release-macos-arm64 0.1.17 NOTE
r-release-macos-x86_64 0.1.17 NOTE
r-release-windows-ix86+x86_64 0.1.17 8.00 49.00 57.00 NOTE
r-oldrel-macos-x86_64 0.1.17 OK
r-oldrel-windows-ix86+x86_64 0.1.17 8.00 47.00 55.00 OK

Check Details

Version: 0.1.17
Check: LazyData
Result: NOTE
     'LazyData' is specified without a 'data' directory
Flavors: r-devel-linux-x86_64-debian-clang, r-devel-linux-x86_64-debian-gcc, r-devel-linux-x86_64-fedora-clang, r-devel-linux-x86_64-fedora-gcc, r-devel-windows-x86_64-new-UL, r-devel-windows-x86_64-new-TK, r-patched-linux-x86_64, r-release-linux-x86_64, r-release-macos-arm64, r-release-macos-x86_64, r-release-windows-ix86+x86_64