Last updated on 2023-02-06 23:55:59 CET.
Flavor | Version | Tinstall | Tcheck | Ttotal | Status | Flags |
---|---|---|---|---|---|---|
r-devel-linux-x86_64-debian-clang | 1.3 | 18.22 | 109.68 | 127.90 | NOTE | |
r-devel-linux-x86_64-debian-gcc | 1.3 | 12.89 | 81.41 | 94.30 | NOTE | |
r-devel-linux-x86_64-fedora-clang | 1.3 | 173.20 | NOTE | |||
r-devel-linux-x86_64-fedora-gcc | 1.3 | 170.77 | NOTE | |||
r-devel-windows-x86_64 | 1.3 | 23.00 | 177.00 | 200.00 | NOTE | |
r-patched-linux-x86_64 | 1.3 | 16.46 | 99.53 | 115.99 | OK | |
r-release-linux-x86_64 | 1.3 | 13.83 | 112.00 | 125.83 | OK | |
r-release-macos-arm64 | 1.3 | 46.00 | OK | |||
r-release-macos-x86_64 | 1.3 | 62.00 | OK | |||
r-release-windows-x86_64 | 1.3 | 25.00 | 187.00 | 212.00 | OK | |
r-oldrel-macos-arm64 | 1.3 | 45.00 | OK | |||
r-oldrel-macos-x86_64 | 1.3 | 68.00 | OK | |||
r-oldrel-windows-ix86+x86_64 | 1.3 | 49.00 | 178.00 | 227.00 | OK |
Version: 1.3
Check: C++ specification
Result: NOTE
Specified C++11: please update to current default of C++17
Flavors: r-devel-linux-x86_64-debian-clang, r-devel-linux-x86_64-debian-gcc, r-devel-linux-x86_64-fedora-clang, r-devel-linux-x86_64-fedora-gcc, r-devel-windows-x86_64