Last updated on 2023-02-06 23:55:59 CET.
Flavor | Version | Tinstall | Tcheck | Ttotal | Status | Flags |
---|---|---|---|---|---|---|
r-devel-linux-x86_64-debian-clang | 0.1 | 30.65 | 38.98 | 69.63 | OK | |
r-devel-linux-x86_64-debian-gcc | 0.1 | 23.24 | 30.75 | 53.99 | OK | |
r-devel-linux-x86_64-fedora-clang | 0.1 | 98.03 | NOTE | |||
r-devel-linux-x86_64-fedora-gcc | 0.1 | 89.29 | NOTE | |||
r-devel-windows-x86_64 | 0.1 | 32.00 | 89.00 | 121.00 | OK | |
r-patched-linux-x86_64 | 0.1 | 27.30 | 39.38 | 66.68 | OK | |
r-release-linux-x86_64 | 0.1 | 24.86 | 41.75 | 66.61 | OK | |
r-release-macos-arm64 | 0.1 | 34.00 | OK | |||
r-release-macos-x86_64 | 0.1 | 45.00 | OK | |||
r-release-windows-x86_64 | 0.1 | 30.00 | 92.00 | 122.00 | OK | |
r-oldrel-macos-arm64 | 0.1 | 36.00 | OK | |||
r-oldrel-macos-x86_64 | 0.1 | 46.00 | OK | |||
r-oldrel-windows-ix86+x86_64 | 0.1 | 77.00 | 94.00 | 171.00 | OK |
Version: 0.1
Check: compiled code
Result: NOTE
File ‘strat/libs/strat.so’:
Found no calls to: ‘R_registerRoutines’, ‘R_useDynamicSymbols’
It is good practice to register native routines and to disable symbol
search.
See ‘Writing portable packages’ in the ‘Writing R Extensions’ manual.
Flavors: r-devel-linux-x86_64-fedora-clang, r-devel-linux-x86_64-fedora-gcc