CRAN Package Check Results for Package strand

Last updated on 2021-08-03 23:52:30 CEST.

Flavor Version Tinstall Tcheck Ttotal Status Flags
r-devel-linux-x86_64-debian-clang 0.2.0 18.81 231.65 250.46 OK
r-devel-linux-x86_64-debian-gcc 0.2.0 16.54 174.13 190.67 OK
r-devel-linux-x86_64-fedora-clang 0.2.0 297.44 NOTE
r-devel-linux-x86_64-fedora-gcc 0.2.0 293.53 NOTE
r-devel-windows-x86_64 0.2.0 26.00 268.00 294.00 OK
r-devel-windows-x86_64-gcc10-UCRT 0.2.0 WARN
r-patched-linux-x86_64 0.2.0 20.79 214.88 235.67 OK
r-release-linux-x86_64 0.2.0 17.51 218.10 235.61 OK
r-release-macos-arm64 0.2.0 WARN
r-release-macos-x86_64 0.2.0 NOTE
r-release-windows-ix86+x86_64 0.2.0 37.00 231.00 268.00 OK
r-oldrel-macos-x86_64 0.2.0 NOTE
r-oldrel-windows-ix86+x86_64 0.2.0 30.00 290.00 320.00 OK

Check Details

Version: 0.2.0
Check: data for non-ASCII characters
Result: NOTE
     Note: found 1 marked UTF-8 string
Flavors: r-devel-linux-x86_64-fedora-clang, r-devel-linux-x86_64-fedora-gcc, r-release-macos-arm64, r-release-macos-x86_64, r-oldrel-macos-x86_64

Version: 0.2.0
Check: data for non-ASCII characters
Result: WARN
     Warning: found non-ASCII string
     'Est<c3><a9>e Lauder Companies' in object 'sample_secref'
Flavor: r-devel-windows-x86_64-gcc10-UCRT

Version: 0.2.0
Check: package dependencies
Result: NOTE
    Package suggested but not available for checking: ‘Rsymphony’
Flavors: r-release-macos-arm64, r-oldrel-macos-x86_64

Version: 0.2.0
Check: re-building of vignette outputs
Result: WARN
    Error(s) in re-building vignettes:
     ...
    --- re-building ‘strand.Rmd’ using rmarkdown
    Warning in engine$weave(file, quiet = quiet, encoding = enc) :
     Pandoc (>= 1.12.3) not available. Falling back to R Markdown v1.
    
    Attaching package: 'dplyr'
    
    The following objects are masked from 'package:stats':
    
     filter, lag
    
    The following objects are masked from 'package:base':
    
     intersect, setdiff, setequal, union
    
    Quitting from lines 471-472 (strand.Rmd)
    Error: processing vignette 'strand.Rmd' failed with diagnostics:
    polygon edge not found
    --- failed re-building ‘strand.Rmd’
    
    SUMMARY: processing the following file failed:
     ‘strand.Rmd’
    
    Error: Vignette re-building failed.
    Execution halted
Flavor: r-release-macos-arm64