Last updated on 2023-05-30 00:59:58 CEST.
Flavor | Version | Tinstall | Tcheck | Ttotal | Status | Flags |
---|---|---|---|---|---|---|
r-devel-linux-x86_64-debian-clang | 0.1.3 | 6.78 | 63.35 | 70.13 | OK | |
r-devel-linux-x86_64-debian-gcc | 0.1.3 | 7.53 | 47.20 | 54.73 | OK | |
r-devel-linux-x86_64-fedora-clang | 0.1.3 | 96.04 | NOTE | |||
r-devel-linux-x86_64-fedora-gcc | 0.1.3 | 95.65 | NOTE | |||
r-devel-windows-x86_64 | 0.1.3 | 11.00 | 77.00 | 88.00 | OK | |
r-patched-linux-x86_64 | 0.1.3 | 11.92 | 58.63 | 70.55 | OK | |
r-release-linux-x86_64 | 0.1.3 | 6.54 | 58.78 | 65.32 | OK | |
r-release-macos-arm64 | 0.1.3 | 42.00 | OK | |||
r-release-macos-x86_64 | 0.1.3 | 55.00 | OK | |||
r-release-windows-x86_64 | 0.1.3 | 12.00 | 86.00 | 98.00 | OK | |
r-oldrel-macos-arm64 | 0.1.3 | 31.00 | OK | |||
r-oldrel-macos-x86_64 | 0.1.3 | 45.00 | OK | |||
r-oldrel-windows-x86_64 | 0.1.3 | 12.00 | 82.00 | 94.00 | OK |
Version: 0.1.3
Check: data for non-ASCII characters
Result: NOTE
Note: found 1725 marked UTF-8 strings
Flavors: r-devel-linux-x86_64-fedora-clang, r-devel-linux-x86_64-fedora-gcc