CRAN Package Check Results for Package storr

Last updated on 2021-12-03 23:50:14 CET.

Flavor Version Tinstall Tcheck Ttotal Status Flags
r-devel-linux-x86_64-debian-clang 1.2.5 8.75 50.80 59.55 NOTE
r-devel-linux-x86_64-debian-gcc 1.2.5 7.02 39.39 46.41 NOTE
r-devel-linux-x86_64-fedora-clang 1.2.5 83.90 NOTE
r-devel-linux-x86_64-fedora-gcc 1.2.5 71.49 NOTE
r-devel-windows-x86_64-new-UL 1.2.5 22.00 120.00 142.00 NOTE
r-devel-windows-x86_64-new-TK 1.2.5 NOTE
r-devel-windows-x86_64-old 1.2.5 14.00 62.00 76.00 NOTE
r-patched-linux-x86_64 1.2.5 8.80 48.53 57.33 NOTE
r-release-linux-x86_64 1.2.5 8.38 48.68 57.06 NOTE
r-release-macos-arm64 1.2.5 NOTE
r-release-macos-x86_64 1.2.5 NOTE
r-release-windows-ix86+x86_64 1.2.5 18.00 107.00 125.00 NOTE
r-oldrel-macos-x86_64 1.2.5 OK
r-oldrel-windows-ix86+x86_64 1.2.5 25.00 107.00 132.00 OK

Check Details

Version: 1.2.5
Check: LazyData
Result: NOTE
     'LazyData' is specified without a 'data' directory
Flavors: r-devel-linux-x86_64-debian-clang, r-devel-linux-x86_64-debian-gcc, r-devel-linux-x86_64-fedora-clang, r-devel-linux-x86_64-fedora-gcc, r-devel-windows-x86_64-new-UL, r-devel-windows-x86_64-new-TK, r-devel-windows-x86_64-old, r-patched-linux-x86_64, r-release-linux-x86_64, r-release-macos-arm64, r-release-macos-x86_64, r-release-windows-ix86+x86_64