CRAN Package Check Results for Package stokes

Last updated on 2022-01-22 23:52:25 CET.

Flavor Version Tinstall Tcheck Ttotal Status Flags
r-devel-linux-x86_64-debian-clang 1.1-1 3.31 345.45 348.76 OK
r-devel-linux-x86_64-debian-gcc 1.1-1 4.43 262.19 266.62 OK
r-devel-linux-x86_64-fedora-clang 1.1-1 390.89 OK
r-devel-linux-x86_64-fedora-gcc 1.1-1 306.89 OK
r-devel-windows-x86_64-new-UL 1.1-1 42.00 393.00 435.00 OK
r-devel-windows-x86_64-new-TK 1.1-1 OK
r-patched-linux-x86_64 1.1-1 6.32 322.91 329.23 OK
r-release-linux-x86_64 1.1-1 5.61 325.36 330.97 OK
r-release-macos-arm64 1.1-1 OK
r-release-macos-x86_64 1.1-1 OK
r-release-windows-ix86+x86_64 1.1-1 12.00 394.00 406.00 OK
r-oldrel-macos-x86_64 1.0-9 OK
r-oldrel-windows-ix86+x86_64 1.1-1 11.00 340.00 351.00 ERROR

Check Details

Version: 1.1-1
Check: for unstated dependencies in ‘tests’
Result: WARN
    Warning: parse error in file 'testthat/test_hodge.R':
    10:27: unexpected '>'
    9: n <- max(index(x))
    10: discrepancy <- x |>
     ^
    Warning: parse error in file 'testthat/test_transform.R':
    9:27: unexpected '>'
    8: xt <- transform(transform(x,M),solve(M))
    9: discrepancy <- x |>
     ^
Flavor: r-oldrel-windows-ix86+x86_64

Version: 1.1-1
Check: tests
Result: ERROR
     Running 'testthat.R' [132s]
    Running the tests in 'tests/testthat.R' failed.
    Complete output:
     > library("testthat")
     >
     > test_check("stokes")
     Loading required package: stokes
     Loading required package: spray
    
     Attaching package: 'spray'
    
     The following objects are masked from 'package:base':
    
     pmax, pmin
    
    
     Attaching package: 'stokes'
    
     The following object is masked from 'package:spray':
    
     zap
    
     The following object is masked from 'package:base':
    
     transform
    
     Error in parse(con, n = -1, srcfile = srcfile, encoding = "UTF-8") :
     test_hodge.R:10:27: unexpected '>'
     9: n <- max(index(x))
     10: discrepancy <- x |>
     ^
     Calls: test_check ... doTryCatch -> lapply -> FUN -> source_file -> parse
     Execution halted
Flavor: r-oldrel-windows-ix86+x86_64

Version: 1.1-1
Check: for unstated dependencies in vignettes
Result: NOTE
    Warning: parse error in file 'd:/RCompile/CRANpkg/lib/4.0/stokes/doc/stokes.R':
    /RCompile/CRANpkg/lib/4.0/stokes/doc/stokes.R:170:8: unexpected '>'
    169: ## -----------------------------------------------------------------------------
    170: zap(o |>
     ^
Flavor: r-oldrel-windows-ix86+x86_64

Version: 1.1-1
Check: re-building of vignette outputs
Result: WARN
    Error(s) in re-building vignettes:
    --- re-building 'Alt.Rmd' using rmarkdown
    --- finished re-building 'Alt.Rmd'
    
    --- re-building 'contract.Rmd' using rmarkdown
    --- finished re-building 'contract.Rmd'
    
    --- re-building 'inner.Rmd' using rmarkdown
    --- finished re-building 'inner.Rmd'
    
    --- re-building 'stokes.Rmd' using rmarkdown
    Loading required package: spray
    
    Attaching package: 'spray'
    
    The following objects are masked from 'package:base':
    
     pmax, pmin
    
    
    Attaching package: 'stokes'
    
    The following object is masked from 'package:spray':
    
     zap
    
    The following object is masked from 'package:base':
    
     transform
    
    Quitting from lines 693-694 (stokes.Rmd)
    Error: processing vignette 'stokes.Rmd' failed with diagnostics:
    <text>:1:8: unexpected '>'
    1: zap(o |>
     ^
    --- failed re-building 'stokes.Rmd'
    
    --- re-building 'wedge.Rmd' using rmarkdown
    --- finished re-building 'wedge.Rmd'
    
    SUMMARY: processing the following file failed:
     'stokes.Rmd'
    
    Error: Vignette re-building failed.
    Execution halted
Flavor: r-oldrel-windows-ix86+x86_64