CRAN Package Check Results for Package stockR

Last updated on 2024-06-24 00:50:21 CEST.

Flavor Version Tinstall Tcheck Ttotal Status Flags
r-devel-linux-x86_64-debian-clang 1.0.76 5.69 65.18 70.87 OK
r-devel-linux-x86_64-debian-gcc 1.0.76 4.22 49.84 54.06 OK
r-devel-linux-x86_64-fedora-clang 1.0.76 93.75 OK
r-devel-linux-x86_64-fedora-gcc 1.0.76 99.94 OK
r-devel-windows-x86_64 1.0.76 7.00 251.00 258.00 OK
r-patched-linux-x86_64 1.0.76 5.72 63.70 69.42 OK
r-release-linux-x86_64 1.0.76 4.67 64.93 69.60 OK
r-release-macos-arm64 1.0.76 87.00 OK
r-release-macos-x86_64 1.0.76 191.00 WARN
r-release-windows-x86_64 1.0.76 8.00 258.00 266.00 OK
r-oldrel-macos-arm64 1.0.76 116.00 OK
r-oldrel-macos-x86_64 1.0.76 226.00 OK
r-oldrel-windows-x86_64 1.0.76 7.00 270.00 277.00 OK

Check Details

Version: 1.0.76
Check: re-building of vignette outputs
Result: WARN Error(s) in re-building vignettes: ... --- re-building ‘stockR.rnw’ using knitr Error: processing vignette 'stockR.rnw' failed with diagnostics: Running 'texi2dvi' on 'stockR.tex' failed. LaTeX errors: ! Undefined control sequence. l.103 \hlkwd{install.packages}\hldef {(} \hlsng{"stockR"}\hldef{)} ? ! Emergency stop. ! Emergency stop. l.103 End of file on the terminal! ! ==> Fatal error occurred, no output PDF file produced! --- failed re-building ‘stockR.rnw’ SUMMARY: processing the following file failed: ‘stockR.rnw’ Error: Vignette re-building failed. Execution halted Flavor: r-release-macos-x86_64